CRAN Package Check Results for Package MetNorm

Last updated on 2020-01-22 00:49:01 CET.

Flavor Version Tinstall Tcheck Ttotal Status Flags
r-devel-linux-x86_64-debian-clang 0.1 1.86 18.99 20.85 NOTE
r-devel-linux-x86_64-debian-gcc 0.1 1.58 15.31 16.89 NOTE
r-devel-linux-x86_64-fedora-clang 0.1 27.03 NOTE
r-devel-linux-x86_64-fedora-gcc 0.1 25.71 NOTE
r-devel-windows-ix86+x86_64 0.1 8.00 41.00 49.00 NOTE
r-devel-windows-ix86+x86_64-gcc8 0.1 6.00 36.00 42.00 NOTE
r-patched-linux-x86_64 0.1 1.44 17.81 19.25 NOTE
r-patched-solaris-x86 0.1 37.30 NOTE
r-release-linux-x86_64 0.1 1.45 17.59 19.04 NOTE
r-release-windows-ix86+x86_64 0.1 4.00 27.00 31.00 NOTE
r-release-osx-x86_64 0.1 NOTE
r-oldrel-windows-ix86+x86_64 0.1 2.00 28.00 30.00 NOTE
r-oldrel-osx-x86_64 0.1 NOTE

Check Details

Version: 0.1
Check: R code for possible problems
Result: NOTE
    RUVRand: no visible global function definition for 'barplot'
    RUVRand: no visible global function definition for 'prcomp'
    RuvRandIter: no visible global function definition for 'kmeans'
    RuvRandIter: no visible global function definition for 'barplot'
    RuvRandIter: no visible global function definition for 'prcomp'
    opt: no visible global function definition for 'optim'
    printdata: no visible global function definition for 'head'
    Undefined global functions or variables:
     barplot head kmeans optim prcomp
    Consider adding
     importFrom("graphics", "barplot")
     importFrom("stats", "kmeans", "optim", "prcomp")
     importFrom("utils", "head")
    to your NAMESPACE file.
Flavors: r-devel-linux-x86_64-debian-clang, r-devel-linux-x86_64-debian-gcc, r-devel-linux-x86_64-fedora-clang, r-devel-linux-x86_64-fedora-gcc, r-devel-windows-ix86+x86_64, r-devel-windows-ix86+x86_64-gcc8, r-patched-linux-x86_64, r-patched-solaris-x86, r-release-linux-x86_64, r-release-windows-ix86+x86_64, r-release-osx-x86_64, r-oldrel-windows-ix86+x86_64, r-oldrel-osx-x86_64