CRAN Package Check Results for Package MetNorm

Last updated on 2019-08-26 00:47:28 CEST.

Flavor Version Tinstall Tcheck Ttotal Status Flags
r-devel-linux-x86_64-debian-clang 0.1 1.74 18.25 19.99 NOTE
r-devel-linux-x86_64-debian-gcc 0.1 1.58 14.75 16.33 NOTE
r-devel-linux-x86_64-fedora-clang 0.1 26.42 NOTE
r-devel-linux-x86_64-fedora-gcc 0.1 24.34 NOTE
r-devel-windows-ix86+x86_64 0.1 9.00 28.00 37.00 NOTE
r-patched-linux-x86_64 0.1 1.46 18.42 19.88 NOTE
r-patched-solaris-x86 0.1 39.90 NOTE
r-release-linux-x86_64 0.1 1.47 18.29 19.76 NOTE
r-release-windows-ix86+x86_64 0.1 4.00 27.00 31.00 NOTE
r-release-osx-x86_64 0.1 NOTE
r-oldrel-windows-ix86+x86_64 0.1 2.00 28.00 30.00 NOTE
r-oldrel-osx-x86_64 0.1 NOTE

Check Details

Version: 0.1
Check: R code for possible problems
Result: NOTE
    RUVRand: no visible global function definition for 'barplot'
    RUVRand: no visible global function definition for 'prcomp'
    RuvRandIter: no visible global function definition for 'kmeans'
    RuvRandIter: no visible global function definition for 'barplot'
    RuvRandIter: no visible global function definition for 'prcomp'
    opt: no visible global function definition for 'optim'
    printdata: no visible global function definition for 'head'
    Undefined global functions or variables:
     barplot head kmeans optim prcomp
    Consider adding
     importFrom("graphics", "barplot")
     importFrom("stats", "kmeans", "optim", "prcomp")
     importFrom("utils", "head")
    to your NAMESPACE file.
Flavors: r-devel-linux-x86_64-debian-clang, r-devel-linux-x86_64-debian-gcc, r-devel-linux-x86_64-fedora-clang, r-devel-linux-x86_64-fedora-gcc, r-devel-windows-ix86+x86_64, r-patched-linux-x86_64, r-patched-solaris-x86, r-release-linux-x86_64, r-release-windows-ix86+x86_64, r-release-osx-x86_64, r-oldrel-windows-ix86+x86_64, r-oldrel-osx-x86_64