CRAN Package Check Results for Package MetaLandSim

Last updated on 2019-10-20 00:47:34 CEST.

Flavor Version Tinstall Tcheck Ttotal Status Flags
r-devel-linux-x86_64-debian-clang 1.0.6 29.50 256.98 286.48 OK
r-devel-linux-x86_64-debian-gcc 1.0.6 23.48 200.74 224.22 OK
r-devel-linux-x86_64-fedora-clang 1.0.6 368.08 NOTE
r-devel-linux-x86_64-fedora-gcc 1.0.6 361.78 NOTE
r-devel-windows-ix86+x86_64 1.0.6 47.00 294.00 341.00 OK
r-patched-linux-x86_64 1.0.6 29.38 259.94 289.32 OK
r-patched-solaris-x86 1.0.6 541.50 NOTE
r-release-linux-x86_64 1.0.6 28.29 267.94 296.23 OK
r-release-windows-ix86+x86_64 1.0.6 39.00 335.00 374.00 OK
r-release-osx-x86_64 1.0.6 NOTE
r-oldrel-windows-ix86+x86_64 1.0.6 31.00 224.00 255.00 OK
r-oldrel-osx-x86_64 1.0.6 NOTE

Check Details

Version: 1.0.6
Check: dependencies in R code
Result: NOTE
    Namespace in Imports field not imported from: ‘knitr’
     All declared Imports should be used.
Flavors: r-devel-linux-x86_64-fedora-clang, r-devel-linux-x86_64-fedora-gcc, r-patched-solaris-x86, r-release-osx-x86_64, r-oldrel-osx-x86_64