CRAN Package Check Results for Package MetaLandSim

Last updated on 2019-07-16 00:48:15 CEST.

Flavor Version Tinstall Tcheck Ttotal Status Flags
r-devel-linux-x86_64-debian-clang 1.0.5 28.37 265.24 293.61 NOTE
r-devel-linux-x86_64-debian-gcc 1.0.5 23.22 205.48 228.70 NOTE
r-devel-linux-x86_64-fedora-clang 1.0.5 370.97 NOTE
r-devel-linux-x86_64-fedora-gcc 1.0.5 356.24 NOTE
r-devel-windows-ix86+x86_64 1.0.5 63.00 368.00 431.00 OK
r-patched-linux-x86_64 1.0.5 27.33 264.50 291.83 OK
r-patched-solaris-x86 1.0.5 569.50 NOTE
r-release-linux-x86_64 1.0.5 28.55 261.01 289.56 OK
r-release-windows-ix86+x86_64 1.0.5 44.00 260.00 304.00 OK
r-release-osx-x86_64 1.0.5 FAIL
r-oldrel-windows-ix86+x86_64 1.0.5 45.00 321.00 366.00 OK
r-oldrel-osx-x86_64 1.0.5 NOTE

Check Details

Version: 1.0.5
Check: for non-standard things in the check directory
Result: NOTE
    Found the following files/directories:
     'sim_inm1.txt' 'sim_inm1_Index.txt'
Flavors: r-devel-linux-x86_64-debian-clang, r-devel-linux-x86_64-debian-gcc, r-devel-linux-x86_64-fedora-clang, r-devel-linux-x86_64-fedora-gcc

Version: 1.0.5
Check: dependencies in R code
Result: NOTE
    Namespace in Imports field not imported from: ‘knitr’
     All declared Imports should be used.
Flavors: r-devel-linux-x86_64-fedora-clang, r-devel-linux-x86_64-fedora-gcc, r-patched-solaris-x86, r-oldrel-osx-x86_64

Version: 1.0.5
Check: whether package can be installed
Result: FAIL
    
Flavor: r-release-osx-x86_64