CRAN Package Check Results for Package MetaLonDA

Last updated on 2019-07-24 00:47:37 CEST.

Flavor Version Tinstall Tcheck Ttotal Status Flags
r-devel-linux-x86_64-debian-clang 1.1.5 4.24 163.21 167.45 NOTE
r-devel-linux-x86_64-debian-gcc 1.1.5 4.12 128.24 132.36 NOTE
r-devel-linux-x86_64-fedora-clang 1.1.5 204.40 NOTE
r-devel-linux-x86_64-fedora-gcc 1.1.5 188.80 NOTE
r-devel-windows-ix86+x86_64 1.1.5 11.00 238.00 249.00 OK
r-patched-linux-x86_64 1.1.5 4.35 163.90 168.25 OK
r-patched-solaris-x86 1.1.5 4.20 ERROR
r-release-linux-x86_64 1.1.5 4.25 164.48 168.73 OK
r-release-windows-ix86+x86_64 1.1.5 9.00 224.00 233.00 OK
r-release-osx-x86_64 1.1.5 ERROR
r-oldrel-windows-ix86+x86_64 1.1.5 10.00 311.00 321.00 WARN
r-oldrel-osx-x86_64 1.1.5 OK

Check Details

Version: 1.1.5
Check: for non-standard things in the check directory
Result: NOTE
    Found the following files/directories:
     'Test'
Flavors: r-devel-linux-x86_64-debian-clang, r-devel-linux-x86_64-debian-gcc, r-devel-linux-x86_64-fedora-clang, r-devel-linux-x86_64-fedora-gcc

Version: 1.1.5
Check: package dependencies
Result: ERROR
    Package required but not available: ‘metagenomeSeq’
    
    See section ‘The DESCRIPTION file’ in the ‘Writing R Extensions’
    manual.
Flavor: r-patched-solaris-x86

Version: 1.1.5
Check: package dependencies
Result: ERROR
    Packages required but not available: 'metagenomeSeq', 'DESeq2', 'edgeR'
    
    See section ‘The DESCRIPTION file’ in the ‘Writing R Extensions’
    manual.
Flavor: r-release-osx-x86_64

Version: 1.1.5
Check: whether package can be installed
Result: WARN
    Found the following significant warnings:
     Warning: S3 methods '[.fun_list', '[.grouped_df', 'all.equal.tbl_df', 'anti_join.data.frame', 'anti_join.tbl_df', 'arrange.data.frame', 'arrange.default', 'arrange.grouped_df', 'arrange.tbl_df', 'arrange_.data.frame', 'arrange_.tbl_df', 'as.data.frame.grouped_df', 'as.data.frame.rowwise_df', 'as.data.frame.tbl_cube', 'as.table.tbl_cube', 'as.tbl.data.frame', 'as.tbl.tbl', 'as.tbl_cube.array', 'as.tbl_cube.data.frame', 'as.tbl_cube.matrix', 'as.tbl_cube.table', 'as_tibble.grouped_df', 'as_tibble.tbl_cube', 'auto_copy.tbl_cube', 'auto_copy.tbl_df', 'cbind.grouped_df', 'collapse.data.frame', 'collect.data.frame', 'common_by.NULL', 'common_by.character', 'common_by.default', 'common_by.list', 'compute.data.frame', 'copy_to.DBIConnection', 'copy_to.src_local', 'default_missing.data.frame', 'default_missing.default', 'dim.tbl_cube', 'distinct.data.frame', 'distinct.default', 'distinct.grouped_df', 'distinct.tbl_df', 'distinct_.data.frame', 'distinct_.grouped_df', 'distinct_.tbl_df', 'do.NULL', 'do.da [... truncated]
Flavor: r-oldrel-windows-ix86+x86_64