CRAN Package Check Results for Package MlBayesOpt

Last updated on 2018-01-23 00:47:04 CET.

Flavor Version Tinstall Tcheck Ttotal Status Flags
r-devel-linux-x86_64-debian-clang 0.3.3 5.25 169.24 174.49 OK
r-devel-linux-x86_64-debian-gcc 0.3.3 6.02 143.34 149.36 OK
r-devel-linux-x86_64-fedora-clang 0.3.3 220.95 NOTE
r-devel-linux-x86_64-fedora-gcc 0.3.3 243.66 NOTE
r-devel-windows-ix86+x86_64 0.3.3 12.00 197.00 209.00 OK
r-patched-linux-x86_64 0.3.3 6.46 201.23 207.69 OK
r-patched-solaris-x86 0.3.3 367.40 NOTE
r-release-linux-x86_64 0.3.3 6.41 215.81 222.22 OK
r-release-windows-ix86+x86_64 0.3.3 13.00 186.00 199.00 OK
r-release-osx-x86_64 0.3.3 NOTE
r-oldrel-windows-ix86+x86_64 0.3.3 15.00 182.00 197.00 OK
r-oldrel-osx-x86_64 0.3.3 NOTE

Check Details

Version: 0.3.3
Check: dependencies in R code
Result: NOTE
    Namespaces in Imports field not imported from:
     ‘data.table’ ‘foreach’
     All declared Imports should be used.
Flavors: r-devel-linux-x86_64-fedora-clang, r-devel-linux-x86_64-fedora-gcc, r-patched-solaris-x86, r-release-osx-x86_64, r-oldrel-osx-x86_64