CRAN Package Check Results for Package MlBayesOpt

Last updated on 2018-07-18 00:49:57 CEST.

Flavor Version Tinstall Tcheck Ttotal Status Flags
r-devel-linux-x86_64-debian-clang 0.3.3 8.93 195.09 204.02 OK
r-devel-linux-x86_64-debian-gcc 0.3.3 6.88 152.92 159.80 OK
r-devel-linux-x86_64-fedora-clang 0.3.3 214.43 NOTE
r-devel-linux-x86_64-fedora-gcc 0.3.3 249.24 NOTE
r-devel-windows-ix86+x86_64 0.3.3 21.00 269.00 290.00 OK
r-patched-linux-x86_64 0.3.3 7.48 181.79 189.27 OK
r-patched-solaris-x86 0.3.3 349.10 NOTE
r-release-linux-x86_64 0.3.3 8.19 181.28 189.47 OK
r-release-windows-ix86+x86_64 0.3.3 18.00 255.00 273.00 OK
r-release-osx-x86_64 0.3.3 NOTE
r-oldrel-windows-ix86+x86_64 0.3.3 13.00 200.00 213.00 OK
r-oldrel-osx-x86_64 0.3.3 NOTE

Check Details

Version: 0.3.3
Check: dependencies in R code
Result: NOTE
    Namespaces in Imports field not imported from:
     ‘data.table’ ‘foreach’
     All declared Imports should be used.
Flavors: r-devel-linux-x86_64-fedora-clang, r-devel-linux-x86_64-fedora-gcc, r-patched-solaris-x86, r-release-osx-x86_64, r-oldrel-osx-x86_64