CRAN Package Check Results for Package MlBayesOpt

Last updated on 2019-01-19 00:46:33 CET.

Flavor Version Tinstall Tcheck Ttotal Status Flags
r-devel-linux-x86_64-debian-clang 0.3.3 8.71 218.10 226.81 OK
r-devel-linux-x86_64-debian-gcc 0.3.3 6.54 148.80 155.34 OK
r-devel-linux-x86_64-fedora-clang 0.3.3 189.33 NOTE
r-devel-linux-x86_64-fedora-gcc 0.3.3 172.68 NOTE
r-devel-windows-ix86+x86_64 0.3.3 18.00 273.00 291.00 OK
r-patched-linux-x86_64 0.3.3 7.68 179.71 187.39 OK
r-patched-solaris-x86 0.3.3 341.40 NOTE
r-release-linux-x86_64 0.3.3 7.65 176.80 184.45 OK
r-release-windows-ix86+x86_64 0.3.3 21.00 260.00 281.00 OK
r-release-osx-x86_64 0.3.3 NOTE
r-oldrel-windows-ix86+x86_64 0.3.3 23.00 245.00 268.00 OK
r-oldrel-osx-x86_64 0.3.3 NOTE

Check Details

Version: 0.3.3
Check: dependencies in R code
Result: NOTE
    Namespaces in Imports field not imported from:
     ‘data.table’ ‘foreach’
     All declared Imports should be used.
Flavors: r-devel-linux-x86_64-fedora-clang, r-devel-linux-x86_64-fedora-gcc, r-patched-solaris-x86, r-release-osx-x86_64, r-oldrel-osx-x86_64