CRAN Package Check Results for Package MlBayesOpt

Last updated on 2018-04-23 00:46:54 CEST.

Flavor Version Tinstall Tcheck Ttotal Status Flags
r-devel-linux-x86_64-debian-clang 0.3.3 6.36 169.39 175.75 OK
r-devel-linux-x86_64-debian-gcc 0.3.3 6.50 143.60 150.10 OK
r-devel-linux-x86_64-fedora-clang 0.3.3 213.06 NOTE
r-devel-linux-x86_64-fedora-gcc 0.3.3 220.59 NOTE
r-devel-windows-ix86+x86_64 0.3.3 15.00 190.00 205.00 OK
r-devel-osx-x86_64 0.3.3 NOTE
r-patched-linux-x86_64 0.3.3 7.44 179.56 187.00 OK
r-patched-solaris-x86 0.3.3 345.90 NOTE
r-release-linux-x86_64 0.3.3 7.16 204.62 211.78 OK
r-release-windows-ix86+x86_64 0.3.3 11.00 187.00 198.00 OK
r-release-osx-x86_64 0.3.3 NOTE
r-oldrel-windows-ix86+x86_64 0.3.3 17.00 225.00 242.00 OK

Check Details

Version: 0.3.3
Check: dependencies in R code
Result: NOTE
    Namespaces in Imports field not imported from:
     ‘data.table’ ‘foreach’
     All declared Imports should be used.
Flavors: r-devel-linux-x86_64-fedora-clang, r-devel-linux-x86_64-fedora-gcc, r-devel-osx-x86_64, r-patched-solaris-x86, r-release-osx-x86_64