CRAN Package Check Results for Package MlBayesOpt

Last updated on 2018-10-18 00:48:15 CEST.

Flavor Version Tinstall Tcheck Ttotal Status Flags
r-devel-linux-x86_64-debian-clang 0.3.3 9.64 194.61 204.25 OK
r-devel-linux-x86_64-debian-gcc 0.3.3 7.76 154.76 162.52 OK
r-devel-linux-x86_64-fedora-clang 0.3.3 223.77 NOTE
r-devel-linux-x86_64-fedora-gcc 0.3.3 237.98 NOTE
r-devel-windows-ix86+x86_64 0.3.3 23.00 266.00 289.00 OK
r-patched-linux-x86_64 0.3.3 6.82 177.75 184.57 OK
r-patched-solaris-x86 0.3.3 343.90 NOTE
r-release-linux-x86_64 0.3.3 7.87 183.88 191.75 OK
r-release-windows-ix86+x86_64 0.3.3 19.00 266.00 285.00 OK
r-release-osx-x86_64 0.3.3 NOTE
r-oldrel-windows-ix86+x86_64 0.3.3 16.00 277.00 293.00 OK
r-oldrel-osx-x86_64 0.3.3 NOTE

Check Details

Version: 0.3.3
Check: dependencies in R code
Result: NOTE
    Namespaces in Imports field not imported from:
     ‘data.table’ ‘foreach’
     All declared Imports should be used.
Flavors: r-devel-linux-x86_64-fedora-clang, r-devel-linux-x86_64-fedora-gcc, r-patched-solaris-x86, r-release-osx-x86_64, r-oldrel-osx-x86_64