CRAN Package Check Results for Package Modeler

Last updated on 2019-08-26 00:47:29 CEST.

Flavor Version Tinstall Tcheck Ttotal Status Flags
r-devel-linux-x86_64-debian-clang 3.4.5 6.13 75.99 82.12 OK
r-devel-linux-x86_64-debian-gcc 3.4.5 5.44 58.04 63.48 OK
r-devel-linux-x86_64-fedora-clang 3.4.5 101.92 OK
r-devel-linux-x86_64-fedora-gcc 3.4.5 100.72 OK
r-devel-windows-ix86+x86_64 3.4.5 21.00 92.00 113.00 OK
r-patched-linux-x86_64 3.4.5 6.30 73.54 79.84 OK
r-patched-solaris-x86 3.4.5 124.30 OK
r-release-linux-x86_64 3.4.5 5.33 73.92 79.25 OK
r-release-windows-ix86+x86_64 3.4.5 19.00 126.00 145.00 OK
r-release-osx-x86_64 3.4.5 ERROR
r-oldrel-windows-ix86+x86_64 3.4.5 9.00 124.00 133.00 OK
r-oldrel-osx-x86_64 3.4.5 OK

Check Details

Version: 3.4.5
Check: package dependencies
Result: ERROR
    Packages required but not available:
     'ClassDiscovery', 'ClassComparison', 'TailRank'
    
    Package suggested but not available for checking: ‘Biobase’
    
    See section ‘The DESCRIPTION file’ in the ‘Writing R Extensions’
    manual.
Flavor: r-release-osx-x86_64