CRAN Package Check Results for Package NAM

Last updated on 2020-02-21 00:49:47 CET.

Flavor Version Tinstall Tcheck Ttotal Status Flags
r-devel-linux-x86_64-debian-clang 1.7.3 45.79 76.86 122.65 OK
r-devel-linux-x86_64-debian-gcc 1.7.3 40.21 57.87 98.08 OK
r-devel-linux-x86_64-fedora-clang 1.7.3 159.86 NOTE
r-devel-linux-x86_64-fedora-gcc 1.7.3 172.78 OK
r-devel-windows-ix86+x86_64 1.7.3 85.00 99.00 184.00 OK
r-devel-windows-ix86+x86_64-gcc8 1.7.3 104.00 138.00 242.00 OK
r-patched-linux-x86_64 1.7.3 40.10 68.84 108.94 OK
r-patched-solaris-x86 1.7.3 172.30 OK
r-release-linux-x86_64 1.7.3 39.81 69.61 109.42 OK
r-release-windows-ix86+x86_64 1.7.3 97.00 93.00 190.00 OK
r-release-osx-x86_64 1.7.3 NOTE
r-oldrel-windows-ix86+x86_64 1.7.3 81.00 89.00 170.00 OK
r-oldrel-osx-x86_64 1.7.3 NOTE

Check Details

Version: 1.7.3
Check: installed package size
Result: NOTE
     installed size is 7.2Mb
     sub-directories of 1Mb or more:
     libs 4.9Mb
Flavors: r-devel-linux-x86_64-fedora-clang, r-release-osx-x86_64, r-oldrel-osx-x86_64