CRAN Package Check Results for Package NAM

Last updated on 2019-09-22 00:47:43 CEST.

Flavor Version Tinstall Tcheck Ttotal Status Flags
r-devel-linux-x86_64-debian-clang 1.7.2 38.88 68.72 107.60 OK
r-devel-linux-x86_64-debian-gcc 1.7.2 34.91 53.59 88.50 OK
r-devel-linux-x86_64-fedora-clang 1.7.2 144.27 NOTE
r-devel-linux-x86_64-fedora-gcc 1.7.2 143.50 OK
r-devel-windows-ix86+x86_64 1.7.2 86.00 87.00 173.00 OK
r-patched-linux-x86_64 1.7.2 36.11 67.45 103.56 OK
r-patched-solaris-x86 1.7.2 159.80 OK
r-release-linux-x86_64 1.7.2 35.53 67.56 103.09 OK
r-release-windows-ix86+x86_64 1.7.2 69.00 95.00 164.00 OK
r-release-osx-x86_64 1.7.2 NOTE
r-oldrel-windows-ix86+x86_64 1.7.2 62.00 87.00 149.00 OK
r-oldrel-osx-x86_64 1.7.2 NOTE

Check Details

Version: 1.7.2
Check: installed package size
Result: NOTE
     installed size is 6.4Mb
     sub-directories of 1Mb or more:
     libs 4.1Mb
Flavors: r-devel-linux-x86_64-fedora-clang, r-release-osx-x86_64, r-oldrel-osx-x86_64