CRAN Package Check Results for Package NCA

Last updated on 2019-08-26 00:47:29 CEST.

Flavor Version Tinstall Tcheck Ttotal Status Flags
r-devel-linux-x86_64-debian-clang 3.0.1 11.74 95.18 106.92 OK
r-devel-linux-x86_64-debian-gcc 3.0.1 9.00 73.11 82.11 OK
r-devel-linux-x86_64-fedora-clang 3.0.1 127.88 OK
r-devel-linux-x86_64-fedora-gcc 3.0.1 123.40 OK
r-devel-windows-ix86+x86_64 3.0.1 34.00 100.00 134.00 OK
r-patched-linux-x86_64 3.0.1 11.63 91.20 102.83 OK
r-patched-solaris-x86 3.0.1 173.60 OK
r-release-linux-x86_64 3.0.1 11.05 91.14 102.19 OK
r-release-windows-ix86+x86_64 3.0.1 32.00 143.00 175.00 OK
r-release-osx-x86_64 3.0.1 OK
r-oldrel-windows-ix86+x86_64 3.0.1 21.00 150.00 171.00 WARN
r-oldrel-osx-x86_64 3.0.1 OK

Check Details

Version: 3.0.1
Check: whether package can be installed
Result: WARN
    Found the following significant warnings:
     Warning: S3 methods '[.fun_list', '[.grouped_df', 'all.equal.tbl_df', 'anti_join.data.frame', 'anti_join.tbl_df', 'arrange.data.frame', 'arrange.default', 'arrange.grouped_df', 'arrange.tbl_df', 'arrange_.data.frame', 'arrange_.tbl_df', 'as.data.frame.grouped_df', 'as.data.frame.rowwise_df', 'as.data.frame.tbl_cube', 'as.table.tbl_cube', 'as.tbl.data.frame', 'as.tbl.tbl', 'as.tbl_cube.array', 'as.tbl_cube.data.frame', 'as.tbl_cube.matrix', 'as.tbl_cube.table', 'as_tibble.grouped_df', 'as_tibble.tbl_cube', 'auto_copy.tbl_cube', 'auto_copy.tbl_df', 'cbind.grouped_df', 'collapse.data.frame', 'collect.data.frame', 'common_by.NULL', 'common_by.character', 'common_by.default', 'common_by.list', 'compute.data.frame', 'copy_to.DBIConnection', 'copy_to.src_local', 'default_missing.data.frame', 'default_missing.default', 'dim.tbl_cube', 'distinct.data.frame', 'distinct.default', 'distinct.grouped_df', 'distinct.tbl_df', 'distinct_.data.frame', 'distinct_.grouped_df', 'distinct_.tbl_df', 'do.NULL', 'do.da [... truncated]
Flavor: r-oldrel-windows-ix86+x86_64