CRAN Package Check Results for Package NLMR

Last updated on 2019-10-23 00:47:57 CEST.

Flavor Version Tinstall Tcheck Ttotal Status Flags
r-devel-linux-x86_64-debian-clang 0.4.2 34.47 86.25 120.72 OK
r-devel-linux-x86_64-debian-gcc 0.4.2 19.19 65.50 84.69 OK
r-devel-linux-x86_64-fedora-clang 0.4.2 147.52 OK
r-devel-linux-x86_64-fedora-gcc 0.4.2 139.91 OK
r-devel-windows-ix86+x86_64 0.4.2 59.00 142.00 201.00 ERROR
r-patched-linux-x86_64 0.4.2 23.48 83.72 107.20 OK
r-patched-solaris-x86 0.4.2 157.40 ERROR
r-release-linux-x86_64 0.4.2 23.61 84.33 107.94 OK
r-release-windows-ix86+x86_64 0.4.2 84.00 189.00 273.00 ERROR
r-release-osx-x86_64 0.4.2 OK
r-oldrel-windows-ix86+x86_64 0.4.2 80.00 163.00 243.00 ERROR
r-oldrel-osx-x86_64 0.4.2 OK

Check Details

Version: 0.4.2
Check: running examples for arch ‘i386’
Result: ERROR
    Running examples in 'NLMR-Ex.R' failed
    The error most likely occurred in:
    
    > ### Name: nlm_randomcluster
    > ### Title: nlm_randomcluster
    > ### Aliases: nlm_randomcluster
    >
    > ### ** Examples
    >
    > # simulate random clustering
    > random_cluster <- nlm_randomcluster(ncol = 30, nrow = 30,
    + p = 0.4,
    + ai = c(0.25, 0.25, 0.5))
    Loading required namespace: igraph
    Failed with error: 'there is no package called 'igraph''
    Error in .local(x, ...) :
     you need to install the igraph package to be able to use this function
    Calls: nlm_randomcluster -> <Anonymous> -> <Anonymous> -> .local
    Execution halted
Flavors: r-devel-windows-ix86+x86_64, r-release-windows-ix86+x86_64, r-oldrel-windows-ix86+x86_64

Version: 0.4.2
Check: running examples for arch ‘x64’
Result: ERROR
    Running examples in 'NLMR-Ex.R' failed
    The error most likely occurred in:
    
    > ### Name: nlm_randomcluster
    > ### Title: nlm_randomcluster
    > ### Aliases: nlm_randomcluster
    >
    > ### ** Examples
    >
    > # simulate random clustering
    > random_cluster <- nlm_randomcluster(ncol = 30, nrow = 30,
    + p = 0.4,
    + ai = c(0.25, 0.25, 0.5))
    Loading required namespace: igraph
    Failed with error: 'there is no package called 'igraph''
    Error in .local(x, ...) :
     you need to install the igraph package to be able to use this function
    Calls: nlm_randomcluster -> <Anonymous> -> <Anonymous> -> .local
    Execution halted
Flavors: r-devel-windows-ix86+x86_64, r-release-windows-ix86+x86_64, r-oldrel-windows-ix86+x86_64

Version: 0.4.2
Check: running tests for arch ‘i386’
Result: ERROR
     Running 'testthat.R' [27s]
    Running the tests in 'tests/testthat.R' failed.
    Complete output:
     > library(testthat)
     > library(NLMR)
     >
     > test_check("NLMR")
     Failed with error: 'there is no package called 'igraph''
     -- 1. Error: (unknown) (@test_randomcluster.R#4) ------------------------------
     you need to install the igraph package to be able to use this function
     1: suppressWarnings(random_cluster <- nlm_randomcluster(ncol = 40, nrow = 30, neighbourhood = 4,
     p = 0.4)) at testthat/test_randomcluster.R:4
     2: withCallingHandlers(expr, warning = function(w) invokeRestart("muffleWarning"))
     3: nlm_randomcluster(ncol = 40, nrow = 30, neighbourhood = 4, p = 0.4)
     4: raster::clump(ranclumap, direction = neighbourhood, gaps = FALSE)
     5: raster::clump(ranclumap, direction = neighbourhood, gaps = FALSE)
     6: .local(x, ...)
     7: stop("you need to install the igraph package to be able to use this function")
    
     == testthat results ===========================================================
     [ OK: 63 | SKIPPED: 0 | WARNINGS: 17 | FAILED: 1 ]
     1. Error: (unknown) (@test_randomcluster.R#4)
    
     Error: testthat unit tests failed
     Execution halted
Flavor: r-devel-windows-ix86+x86_64

Version: 0.4.2
Check: running tests for arch ‘x64’
Result: ERROR
     Running 'testthat.R' [28s]
    Running the tests in 'tests/testthat.R' failed.
    Complete output:
     > library(testthat)
     > library(NLMR)
     >
     > test_check("NLMR")
     Failed with error: 'there is no package called 'igraph''
     -- 1. Error: (unknown) (@test_randomcluster.R#4) ------------------------------
     you need to install the igraph package to be able to use this function
     1: suppressWarnings(random_cluster <- nlm_randomcluster(ncol = 40, nrow = 30, neighbourhood = 4,
     p = 0.4)) at testthat/test_randomcluster.R:4
     2: withCallingHandlers(expr, warning = function(w) invokeRestart("muffleWarning"))
     3: nlm_randomcluster(ncol = 40, nrow = 30, neighbourhood = 4, p = 0.4)
     4: raster::clump(ranclumap, direction = neighbourhood, gaps = FALSE)
     5: raster::clump(ranclumap, direction = neighbourhood, gaps = FALSE)
     6: .local(x, ...)
     7: stop("you need to install the igraph package to be able to use this function")
    
     == testthat results ===========================================================
     [ OK: 63 | SKIPPED: 0 | WARNINGS: 17 | FAILED: 1 ]
     1. Error: (unknown) (@test_randomcluster.R#4)
    
     Error: testthat unit tests failed
     Execution halted
Flavor: r-devel-windows-ix86+x86_64

Version: 0.4.2
Check: examples
Result: ERROR
    Running examples in ‘NLMR-Ex.R’ failed
    The error most likely occurred in:
    
    > ### Name: nlm_randomcluster
    > ### Title: nlm_randomcluster
    > ### Aliases: nlm_randomcluster
    >
    > ### ** Examples
    >
    > # simulate random clustering
    > random_cluster <- nlm_randomcluster(ncol = 30, nrow = 30,
    + p = 0.4,
    + ai = c(0.25, 0.25, 0.5))
    Loading required namespace: igraph
    Failed with error: ‘there is no package called ‘igraph’’
    Error in .local(x, ...) :
     you need to install the igraph package to be able to use this function
    Calls: nlm_randomcluster -> <Anonymous> -> <Anonymous> -> .local
    Execution halted
Flavor: r-patched-solaris-x86

Version: 0.4.2
Check: tests
Result: ERROR
     Running ‘testthat.R’ [43s/55s]
    Running the tests in ‘tests/testthat.R’ failed.
    Complete output:
     > library(testthat)
     > library(NLMR)
     >
     > test_check("NLMR")
     Failed with error: 'there is no package called 'igraph''
     ── 1. Error: (unknown) (@test_randomcluster.R#4) ──────────────────────────────
     you need to install the igraph package to be able to use this function
     1: suppressWarnings(random_cluster <- nlm_randomcluster(ncol = 40, nrow = 30, neighbourhood = 4,
     p = 0.4)) at testthat/test_randomcluster.R:4
     2: withCallingHandlers(expr, warning = function(w) invokeRestart("muffleWarning"))
     3: nlm_randomcluster(ncol = 40, nrow = 30, neighbourhood = 4, p = 0.4)
     4: raster::clump(ranclumap, direction = neighbourhood, gaps = FALSE)
     5: raster::clump(ranclumap, direction = neighbourhood, gaps = FALSE)
     6: .local(x, ...)
     7: stop("you need to install the igraph package to be able to use this function")
    
     ══ testthat results ═══════════════════════════════════════════════════════════
     [ OK: 63 | SKIPPED: 0 | WARNINGS: 17 | FAILED: 1 ]
     1. Error: (unknown) (@test_randomcluster.R#4)
    
     Error: testthat unit tests failed
     Execution halted
Flavor: r-patched-solaris-x86

Version: 0.4.2
Check: running tests for arch ‘i386’
Result: ERROR
     Running 'testthat.R' [32s]
    Running the tests in 'tests/testthat.R' failed.
    Complete output:
     > library(testthat)
     > library(NLMR)
     >
     > test_check("NLMR")
     Failed with error: 'there is no package called 'igraph''
     -- 1. Error: (unknown) (@test_randomcluster.R#4) ------------------------------
     you need to install the igraph package to be able to use this function
     1: suppressWarnings(random_cluster <- nlm_randomcluster(ncol = 40, nrow = 30, neighbourhood = 4,
     p = 0.4)) at testthat/test_randomcluster.R:4
     2: withCallingHandlers(expr, warning = function(w) invokeRestart("muffleWarning"))
     3: nlm_randomcluster(ncol = 40, nrow = 30, neighbourhood = 4, p = 0.4)
     4: raster::clump(ranclumap, direction = neighbourhood, gaps = FALSE)
     5: raster::clump(ranclumap, direction = neighbourhood, gaps = FALSE)
     6: .local(x, ...)
     7: stop("you need to install the igraph package to be able to use this function")
    
     == testthat results ===========================================================
     [ OK: 63 | SKIPPED: 0 | WARNINGS: 17 | FAILED: 1 ]
     1. Error: (unknown) (@test_randomcluster.R#4)
    
     Error: testthat unit tests failed
     Execution halted
Flavor: r-release-windows-ix86+x86_64

Version: 0.4.2
Check: running tests for arch ‘x64’
Result: ERROR
     Running 'testthat.R' [39s]
    Running the tests in 'tests/testthat.R' failed.
    Complete output:
     > library(testthat)
     > library(NLMR)
     >
     > test_check("NLMR")
     Failed with error: 'there is no package called 'igraph''
     -- 1. Error: (unknown) (@test_randomcluster.R#4) ------------------------------
     you need to install the igraph package to be able to use this function
     1: suppressWarnings(random_cluster <- nlm_randomcluster(ncol = 40, nrow = 30, neighbourhood = 4,
     p = 0.4)) at testthat/test_randomcluster.R:4
     2: withCallingHandlers(expr, warning = function(w) invokeRestart("muffleWarning"))
     3: nlm_randomcluster(ncol = 40, nrow = 30, neighbourhood = 4, p = 0.4)
     4: raster::clump(ranclumap, direction = neighbourhood, gaps = FALSE)
     5: raster::clump(ranclumap, direction = neighbourhood, gaps = FALSE)
     6: .local(x, ...)
     7: stop("you need to install the igraph package to be able to use this function")
    
     == testthat results ===========================================================
     [ OK: 63 | SKIPPED: 0 | WARNINGS: 17 | FAILED: 1 ]
     1. Error: (unknown) (@test_randomcluster.R#4)
    
     Error: testthat unit tests failed
     Execution halted
Flavor: r-release-windows-ix86+x86_64

Version: 0.4.2
Check: running tests for arch ‘i386’
Result: ERROR
     Running 'testthat.R' [26s]
    Running the tests in 'tests/testthat.R' failed.
    Complete output:
     > library(testthat)
     > library(NLMR)
     >
     > test_check("NLMR")
     Failed with error: 'there is no package called 'igraph''
     -- 1. Error: (unknown) (@test_randomcluster.R#4) ------------------------------
     you need to install the igraph package to be able to use this function
     1: suppressWarnings(random_cluster <- nlm_randomcluster(ncol = 40, nrow = 30, neighbourhood = 4,
     p = 0.4)) at testthat/test_randomcluster.R:4
     2: withCallingHandlers(expr, warning = function(w) invokeRestart("muffleWarning"))
     3: nlm_randomcluster(ncol = 40, nrow = 30, neighbourhood = 4, p = 0.4)
     4: raster::clump(ranclumap, direction = neighbourhood, gaps = FALSE)
     5: raster::clump(ranclumap, direction = neighbourhood, gaps = FALSE)
     6: .local(x, ...)
     7: stop("you need to install the igraph package to be able to use this function")
    
     == testthat results ===========================================================
     [ OK: 63 | SKIPPED: 0 | WARNINGS: 17 | FAILED: 1 ]
     1. Error: (unknown) (@test_randomcluster.R#4)
    
     Error: testthat unit tests failed
     Execution halted
Flavor: r-oldrel-windows-ix86+x86_64

Version: 0.4.2
Check: running tests for arch ‘x64’
Result: ERROR
     Running 'testthat.R' [31s]
    Running the tests in 'tests/testthat.R' failed.
    Complete output:
     > library(testthat)
     > library(NLMR)
     >
     > test_check("NLMR")
     Failed with error: 'there is no package called 'igraph''
     -- 1. Error: (unknown) (@test_randomcluster.R#4) ------------------------------
     you need to install the igraph package to be able to use this function
     1: suppressWarnings(random_cluster <- nlm_randomcluster(ncol = 40, nrow = 30, neighbourhood = 4,
     p = 0.4)) at testthat/test_randomcluster.R:4
     2: withCallingHandlers(expr, warning = function(w) invokeRestart("muffleWarning"))
     3: nlm_randomcluster(ncol = 40, nrow = 30, neighbourhood = 4, p = 0.4)
     4: raster::clump(ranclumap, direction = neighbourhood, gaps = FALSE)
     5: raster::clump(ranclumap, direction = neighbourhood, gaps = FALSE)
     6: .local(x, ...)
     7: stop("you need to install the igraph package to be able to use this function")
    
     == testthat results ===========================================================
     [ OK: 63 | SKIPPED: 0 | WARNINGS: 17 | FAILED: 1 ]
     1. Error: (unknown) (@test_randomcluster.R#4)
    
     Error: testthat unit tests failed
     Execution halted
Flavor: r-oldrel-windows-ix86+x86_64