CRAN Package Check Results for Package NestedCategBayesImpute

Last updated on 2019-08-24 00:52:32 CEST.

Flavor Version Tinstall Tcheck Ttotal Status Flags
r-devel-linux-x86_64-debian-clang 1.2.1 125.88 36.51 162.39 NOTE
r-devel-linux-x86_64-debian-gcc 1.2.1 99.00 28.63 127.63 NOTE
r-devel-linux-x86_64-fedora-clang 1.2.1 260.17 NOTE
r-devel-linux-x86_64-fedora-gcc 1.2.1 230.51 NOTE
r-devel-windows-ix86+x86_64 1.2.1 300.00 108.00 408.00 WARN
r-patched-linux-x86_64 1.2.1 115.17 35.57 150.74 NOTE
r-patched-solaris-x86 1.2.1 216.90 WARN
r-release-linux-x86_64 1.2.1 114.12 35.47 149.59 NOTE
r-release-windows-ix86+x86_64 1.2.1 387.00 107.00 494.00 WARN
r-release-osx-x86_64 1.2.1 NOTE
r-oldrel-windows-ix86+x86_64 1.2.1 376.00 105.00 481.00 NOTE
r-oldrel-osx-x86_64 1.2.1 NOTE

Check Details

Version: 1.2.1
Check: for GNU extensions in Makefiles
Result: NOTE
    GNU make is a SystemRequirements.
Flavors: r-devel-linux-x86_64-debian-clang, r-devel-linux-x86_64-debian-gcc, r-devel-linux-x86_64-fedora-clang, r-devel-linux-x86_64-fedora-gcc, r-devel-windows-ix86+x86_64, r-patched-linux-x86_64, r-patched-solaris-x86, r-release-linux-x86_64, r-release-windows-ix86+x86_64, r-release-osx-x86_64, r-oldrel-windows-ix86+x86_64, r-oldrel-osx-x86_64

Version: 1.2.1
Check: installed package size
Result: NOTE
     installed size is 5.2Mb
     sub-directories of 1Mb or more:
     libs 4.5Mb
Flavor: r-devel-linux-x86_64-fedora-clang

Version: 1.2.1
Check: whether package can be installed
Result: WARN
    Found the following significant warnings:
     generateData.cpp:105:18: warning: passing NULL to non-pointer argument 1 of 'Rcpp::Vector<RTYPE, StoragePolicy>::Vector(const int&) [with int RTYPE = 19; StoragePolicy = Rcpp::PreserveStorage]' [-Wconversion-null]
Flavors: r-devel-windows-ix86+x86_64, r-patched-solaris-x86, r-release-windows-ix86+x86_64