CRAN Package Check Results for Package NestedCategBayesImpute

Last updated on 2019-06-26 00:47:35 CEST.

Flavor Version Tinstall Tcheck Ttotal Status Flags
r-devel-linux-x86_64-debian-clang 1.2.1 127.46 36.19 163.65 NOTE
r-devel-linux-x86_64-debian-gcc 1.2.1 96.32 28.55 124.87 NOTE
r-devel-linux-x86_64-fedora-clang 1.2.1 256.04 NOTE
r-devel-linux-x86_64-fedora-gcc 1.2.1 220.48 NOTE
r-devel-windows-ix86+x86_64 1.2.1 391.00 104.00 495.00 WARN
r-patched-linux-x86_64 1.2.1 115.39 35.29 150.68 NOTE
r-patched-solaris-x86 1.2.1 215.10 WARN
r-release-linux-x86_64 1.2.1 116.25 35.84 152.09 NOTE
r-release-windows-ix86+x86_64 1.2.1 301.00 80.00 381.00 WARN
r-release-osx-x86_64 1.2.1 NOTE
r-oldrel-windows-ix86+x86_64 1.2.1 256.00 73.00 329.00 NOTE
r-oldrel-osx-x86_64 1.2.1 NOTE

Check Details

Version: 1.2.1
Check: for GNU extensions in Makefiles
Result: NOTE
    GNU make is a SystemRequirements.
Flavors: r-devel-linux-x86_64-debian-clang, r-devel-linux-x86_64-debian-gcc, r-devel-linux-x86_64-fedora-clang, r-devel-linux-x86_64-fedora-gcc, r-devel-windows-ix86+x86_64, r-patched-linux-x86_64, r-patched-solaris-x86, r-release-linux-x86_64, r-release-windows-ix86+x86_64, r-release-osx-x86_64, r-oldrel-windows-ix86+x86_64, r-oldrel-osx-x86_64

Version: 1.2.1
Check: whether package can be installed
Result: WARN
    Found the following significant warnings:
     generateData.cpp:105:18: warning: passing NULL to non-pointer argument 1 of 'Rcpp::Vector<RTYPE, StoragePolicy>::Vector(const int&) [with int RTYPE = 19; StoragePolicy = Rcpp::PreserveStorage]' [-Wconversion-null]
Flavors: r-devel-windows-ix86+x86_64, r-patched-solaris-x86, r-release-windows-ix86+x86_64