CRAN Package Check Results for Package NlinTS

Last updated on 2019-12-06 00:50:03 CET.

Flavor Version Tinstall Tcheck Ttotal Status Flags
r-devel-linux-x86_64-debian-clang 1.3.7 101.45 47.69 149.14 OK
r-devel-linux-x86_64-debian-gcc 1.3.7 67.52 37.26 104.78 OK
r-devel-linux-x86_64-fedora-clang 1.3.7 197.77 NOTE
r-devel-linux-x86_64-fedora-gcc 1.3.7 180.48 OK
r-devel-windows-ix86+x86_64 1.3.7 181.00 85.00 266.00 OK
r-devel-windows-ix86+x86_64-gcc8 1.3.7 191.00 93.00 284.00 OK
r-patched-linux-x86_64 1.3.7 73.44 44.76 118.20 OK
r-patched-solaris-x86 1.3.7 174.30 OK
r-release-linux-x86_64 1.3.7 75.76 43.74 119.50 OK
r-release-windows-ix86+x86_64 1.3.7 250.00 86.00 336.00 OK
r-release-osx-x86_64 1.3.7 NOTE
r-oldrel-windows-ix86+x86_64 1.3.7 176.00 88.00 264.00 OK
r-oldrel-osx-x86_64 1.3.7 NOTE

Check Details

Version: 1.3.7
Check: installed package size
Result: NOTE
     installed size is 6.9Mb
     sub-directories of 1Mb or more:
     libs 6.8Mb
Flavors: r-devel-linux-x86_64-fedora-clang, r-release-osx-x86_64, r-oldrel-osx-x86_64