CRAN Package Check Results for Package NlinTS

Last updated on 2019-08-17 00:51:17 CEST.

Flavor Version Tinstall Tcheck Ttotal Status Flags
r-devel-linux-x86_64-debian-clang 1.3.7 84.71 44.11 128.82 OK
r-devel-linux-x86_64-debian-gcc 1.3.7 68.43 35.31 103.74 OK
r-devel-linux-x86_64-fedora-clang 1.3.7 189.68 NOTE
r-devel-linux-x86_64-fedora-gcc 1.3.7 178.42 OK
r-devel-windows-ix86+x86_64 1.3.7 245.00 125.00 370.00 OK
r-patched-linux-x86_64 1.3.7 75.47 44.05 119.52 OK
r-patched-solaris-x86 1.3.7 184.00 OK
r-release-linux-x86_64 1.3.7 73.30 43.30 116.60 OK
r-release-windows-ix86+x86_64 1.3.7 247.00 119.00 366.00 OK
r-release-osx-x86_64 1.3.7 NOTE
r-oldrel-windows-ix86+x86_64 1.3.7 238.00 111.00 349.00 OK
r-oldrel-osx-x86_64 1.3.7 NOTE

Check Details

Version: 1.3.7
Check: installed package size
Result: NOTE
     installed size is 6.5Mb
     sub-directories of 1Mb or more:
     libs 6.3Mb
Flavors: r-devel-linux-x86_64-fedora-clang, r-release-osx-x86_64, r-oldrel-osx-x86_64