CRAN Package Check Results for Package NormalGamma

Last updated on 2019-09-20 00:47:40 CEST.

Flavor Version Tinstall Tcheck Ttotal Status Flags
r-devel-linux-x86_64-debian-clang 1.1 2.24 22.13 24.37 NOTE
r-devel-linux-x86_64-debian-gcc 1.1 1.80 18.20 20.00 NOTE
r-devel-linux-x86_64-fedora-clang 1.1 30.89 NOTE
r-devel-linux-x86_64-fedora-gcc 1.1 29.58 NOTE
r-devel-windows-ix86+x86_64 1.1 7.00 38.00 45.00 NOTE
r-patched-linux-x86_64 1.1 1.68 22.07 23.75 NOTE
r-patched-solaris-x86 1.1 46.90 NOTE
r-release-linux-x86_64 1.1 1.72 22.11 23.83 NOTE
r-release-windows-ix86+x86_64 1.1 6.00 52.00 58.00 NOTE
r-release-osx-x86_64 1.1 NOTE
r-oldrel-windows-ix86+x86_64 1.1 3.00 38.00 41.00 NOTE
r-oldrel-osx-x86_64 1.1 NOTE

Check Details

Version: 1.1
Check: dependencies in R code
Result: NOTE
    Packages in Depends field not imported from:
     'histogram' 'optimx'
     These packages need to be imported from (in the NAMESPACE file)
     for when this namespace is loaded but not attached.
Flavors: r-devel-linux-x86_64-debian-clang, r-devel-linux-x86_64-debian-gcc, r-devel-linux-x86_64-fedora-clang, r-devel-linux-x86_64-fedora-gcc, r-devel-windows-ix86+x86_64, r-patched-linux-x86_64, r-patched-solaris-x86, r-release-linux-x86_64, r-release-windows-ix86+x86_64, r-release-osx-x86_64, r-oldrel-windows-ix86+x86_64, r-oldrel-osx-x86_64

Version: 1.1
Check: R code for possible problems
Result: NOTE
    dnormgam: no visible global function definition for 'qgamma'
    dnormgam: no visible global function definition for 'fft'
    dnormgam: no visible global function definition for 'dgamma'
    dnormgam: no visible global function definition for 'approx'
    normgam.fit : mkdfftNormalGammaOptim : <anonymous>: no visible global
     function definition for 'dnorm'
    normgam.fit : estimation_param_normexp_RMA : max.density: no visible
     global function definition for 'density'
    normgam.fit: no visible global function definition for 'sd'
    normgam.fit: no visible global function definition for 'median'
    normgam.fit: no visible global function definition for 'IQR'
    normgam.fit: no visible global function definition for 'optimx'
    normgam.fit: no visible global function definition for 'coef'
    normgam.signal: no visible global function definition for 'approx'
    normgam.signal: no visible global function definition for 'hist'
    Undefined global functions or variables:
     IQR approx coef density dgamma dnorm fft hist median optimx qgamma sd
    Consider adding
     importFrom("graphics", "hist")
     importFrom("stats", "IQR", "approx", "coef", "density", "dgamma",
     "dnorm", "fft", "median", "qgamma", "sd")
    to your NAMESPACE file.
Flavors: r-devel-linux-x86_64-debian-clang, r-devel-linux-x86_64-debian-gcc, r-devel-linux-x86_64-fedora-clang, r-devel-linux-x86_64-fedora-gcc, r-devel-windows-ix86+x86_64, r-patched-linux-x86_64, r-patched-solaris-x86, r-release-linux-x86_64, r-release-windows-ix86+x86_64, r-release-osx-x86_64, r-oldrel-windows-ix86+x86_64, r-oldrel-osx-x86_64