CRAN Package Check Results for Package OTclust

Last updated on 2019-07-16 00:48:19 CEST.

Flavor Version Tinstall Tcheck Ttotal Status Flags
r-devel-linux-x86_64-debian-clang 1.0.2 15.69 49.24 64.93 NOTE
r-devel-linux-x86_64-debian-gcc 1.0.2 14.28 38.67 52.95 NOTE
r-devel-linux-x86_64-fedora-clang 1.0.2 90.11 OK
r-devel-linux-x86_64-fedora-gcc 1.0.2 85.42 OK
r-devel-windows-ix86+x86_64 1.0.2 50.00 133.00 183.00 OK
r-patched-linux-x86_64 1.0.2 17.53 48.27 65.80 OK
r-patched-solaris-x86 1.0.2 836.60 OK
r-release-linux-x86_64 1.0.2 16.71 48.47 65.18 OK
r-release-windows-ix86+x86_64 1.0.2 29.00 93.00 122.00 OK
r-release-osx-x86_64 1.0.2 OK
r-oldrel-windows-ix86+x86_64 1.0.2 46.00 90.00 136.00 OK
r-oldrel-osx-x86_64 1.0.2 OK

Check Details

Version: 1.0.2
Check: package vignettes
Result: NOTE
    Package vignette with placeholder title 'Vignette Title':
     'OTclust.Rmd'
Flavors: r-devel-linux-x86_64-debian-clang, r-devel-linux-x86_64-debian-gcc