CRAN Package Check Results for Package Omisc

Last updated on 2019-10-22 00:52:29 CEST.

Flavor Version Tinstall Tcheck Ttotal Status Flags
r-devel-linux-x86_64-debian-clang 0.1.2 2.85 47.82 50.67 OK
r-devel-linux-x86_64-debian-gcc 0.1.2 2.58 37.95 40.53 OK
r-devel-linux-x86_64-fedora-clang 0.1.2 61.98 NOTE
r-devel-linux-x86_64-fedora-gcc 0.1.2 61.96 NOTE
r-devel-windows-ix86+x86_64 0.1.2 7.00 65.00 72.00 OK
r-patched-linux-x86_64 0.1.2 3.11 47.74 50.85 OK
r-patched-solaris-x86 0.1.2 89.80 NOTE
r-release-linux-x86_64 0.1.2 2.77 47.90 50.67 OK
r-release-windows-ix86+x86_64 0.1.2 9.00 69.00 78.00 OK
r-release-osx-x86_64 0.1.2 NOTE
r-oldrel-windows-ix86+x86_64 0.1.2 4.00 59.00 63.00 OK
r-oldrel-osx-x86_64 0.1.2 NOTE

Check Details

Version: 0.1.2
Check: dependencies in R code
Result: NOTE
    Namespace in Imports field not imported from: ‘base’
     All declared Imports should be used.
Flavors: r-devel-linux-x86_64-fedora-clang, r-devel-linux-x86_64-fedora-gcc, r-patched-solaris-x86, r-release-osx-x86_64, r-oldrel-osx-x86_64