CRAN Package Check Results for Package OptimaRegion

Last updated on 2020-02-21 00:49:48 CET.

Flavor Version Tinstall Tcheck Ttotal Status Flags
r-devel-linux-x86_64-debian-clang 1.1 4.36 37.29 41.65 OK
r-devel-linux-x86_64-debian-gcc 1.1 3.31 29.29 32.60 OK
r-devel-linux-x86_64-fedora-clang 1.1 50.47 NOTE
r-devel-linux-x86_64-fedora-gcc 1.1 48.93 NOTE
r-devel-windows-ix86+x86_64 1.1 10.00 47.00 57.00 OK
r-devel-windows-ix86+x86_64-gcc8 1.1 19.00 71.00 90.00 OK
r-patched-linux-x86_64 1.1 3.57 33.25 36.82 OK
r-patched-solaris-x86 1.1 67.10 NOTE
r-release-linux-x86_64 1.1 3.47 33.95 37.42 OK
r-release-windows-ix86+x86_64 1.1 7.00 46.00 53.00 OK
r-release-osx-x86_64 1.1 NOTE
r-oldrel-windows-ix86+x86_64 1.1 4.00 45.00 49.00 OK
r-oldrel-osx-x86_64 1.1 NOTE

Check Details

Version: 1.1
Check: dependencies in R code
Result: NOTE
    Namespace in Imports field not imported from: ‘geometry’
     All declared Imports should be used.
Flavors: r-devel-linux-x86_64-fedora-clang, r-devel-linux-x86_64-fedora-gcc, r-patched-solaris-x86, r-release-osx-x86_64, r-oldrel-osx-x86_64