CRAN Package Check Results for Package PCRedux

Last updated on 2019-07-16 00:48:19 CEST.

Flavor Version Tinstall Tcheck Ttotal Status Flags
r-devel-linux-x86_64-debian-clang 0.2.6-4 17.35 156.73 174.08 OK
r-devel-linux-x86_64-debian-gcc 0.2.6-4 15.87 125.62 141.49 OK
r-devel-linux-x86_64-fedora-clang 0.2.6-4 216.60 NOTE
r-devel-linux-x86_64-fedora-gcc 0.2.6-4 210.10 NOTE
r-devel-windows-ix86+x86_64 0.2.6-4 65.00 250.00 315.00 OK
r-patched-linux-x86_64 0.2.6-4 18.97 154.95 173.92 OK
r-patched-solaris-x86 0.2.6-4 325.80 NOTE
r-release-linux-x86_64 0.2.6-4 16.32 153.37 169.69 OK
r-release-windows-ix86+x86_64 0.2.6-4 37.00 237.00 274.00 OK
r-release-osx-x86_64 0.2.6-4 WARN
r-oldrel-windows-ix86+x86_64 0.2.6-4 33.00 264.00 297.00 OK
r-oldrel-osx-x86_64 0.2.6-4 NOTE

Check Details

Version: 0.2.6-4
Check: dependencies in R code
Result: NOTE
    Namespace in Imports field not imported from: ‘caret’
     All declared Imports should be used.
Flavors: r-devel-linux-x86_64-fedora-clang, r-devel-linux-x86_64-fedora-gcc, r-patched-solaris-x86, r-release-osx-x86_64, r-oldrel-osx-x86_64

Version: 0.2.6-4
Check: whether package can be installed
Result: WARN
    Found the following significant warnings:
     Warning: 'rgl_init' failed, running with rgl.useNULL = TRUE
Flavor: r-release-osx-x86_64