CRAN Package Check Results for Package PCRedux

Last updated on 2019-10-23 00:47:58 CEST.

Flavor Version Tinstall Tcheck Ttotal Status Flags
r-devel-linux-x86_64-debian-clang 0.2.6-4 17.20 154.22 171.42 OK
r-devel-linux-x86_64-debian-gcc 0.2.6-4 14.25 120.34 134.59 OK
r-devel-linux-x86_64-fedora-clang 0.2.6-4 209.20 NOTE
r-devel-linux-x86_64-fedora-gcc 0.2.6-4 204.34 NOTE
r-devel-windows-ix86+x86_64 0.2.6-4 46.00 168.00 214.00 OK
r-patched-linux-x86_64 0.2.6-4 17.82 151.93 169.75 OK
r-patched-solaris-x86 0.2.6-4 307.60 NOTE
r-release-linux-x86_64 0.2.6-4 17.83 151.06 168.89 OK
r-release-windows-ix86+x86_64 0.2.6-4 82.00 170.00 252.00 OK
r-release-osx-x86_64 0.2.6-4 WARN
r-oldrel-windows-ix86+x86_64 0.2.6-4 39.00 227.00 266.00 OK
r-oldrel-osx-x86_64 0.2.6-4 NOTE

Check Details

Version: 0.2.6-4
Check: dependencies in R code
Result: NOTE
    Namespace in Imports field not imported from: ‘caret’
     All declared Imports should be used.
Flavors: r-devel-linux-x86_64-fedora-clang, r-devel-linux-x86_64-fedora-gcc, r-patched-solaris-x86, r-release-osx-x86_64, r-oldrel-osx-x86_64

Version: 0.2.6-4
Check: whether package can be installed
Result: WARN
    Found the following significant warnings:
     Warning: 'rgl_init' failed, running with rgl.useNULL = TRUE
Flavor: r-release-osx-x86_64