CRAN Package Check Results for Package PELVIS

Last updated on 2020-08-08 00:48:58 CEST.

Flavor Version Tinstall Tcheck Ttotal Status Flags
r-devel-linux-x86_64-debian-clang 2.0.2 3.79 38.66 42.45 OK
r-devel-linux-x86_64-debian-gcc 2.0.2 3.08 29.99 33.07 OK
r-devel-linux-x86_64-fedora-clang 2.0.2 58.97 OK
r-devel-linux-x86_64-fedora-gcc 2.0.2 50.58 OK
r-devel-windows-ix86+x86_64 2.0.2 14.00 53.00 67.00 OK
r-patched-linux-x86_64 2.0.2 3.53 38.25 41.78 OK
r-patched-solaris-x86 2.0.2 80.50 OK
r-release-linux-x86_64 2.0.2 4.13 38.33 42.46 OK
r-release-macos-x86_64 2.0.2 OK
r-release-windows-ix86+x86_64 2.0.2 14.00 71.00 85.00 OK
r-oldrel-macos-x86_64 2.0.2 ERROR
r-oldrel-windows-ix86+x86_64 2.0.0 9.00 55.00 64.00 OK

Check Details

Version: 2.0.2
Check: whether package can be installed
Result: ERROR
    Installation failed.
Flavor: r-oldrel-macos-x86_64