CRAN Package Check Results for Package PPtreeViz

Last updated on 2019-12-06 00:50:06 CET.

Flavor Version Tinstall Tcheck Ttotal Status Flags
r-devel-linux-x86_64-debian-clang 2.0.3 36.51 82.89 119.40 OK
r-devel-linux-x86_64-debian-gcc 2.0.3 30.79 61.70 92.49 OK
r-devel-linux-x86_64-fedora-clang 2.0.3 141.70 NOTE
r-devel-linux-x86_64-fedora-gcc 2.0.3 140.29 NOTE
r-devel-windows-ix86+x86_64 2.0.3 67.00 107.00 174.00 ERROR
r-devel-windows-ix86+x86_64-gcc8 2.0.3 108.00 118.00 226.00 ERROR
r-patched-linux-x86_64 2.0.3 32.11 72.98 105.09 OK
r-patched-solaris-x86 2.0.3 170.10 NOTE
r-release-linux-x86_64 2.0.3 33.19 71.93 105.12 OK
r-release-windows-ix86+x86_64 2.0.3 65.00 118.00 183.00 ERROR
r-release-osx-x86_64 2.0.3 NOTE
r-oldrel-windows-ix86+x86_64 2.0.3 58.00 116.00 174.00 ERROR
r-oldrel-osx-x86_64 2.0.3 NOTE

Check Details

Version: 2.0.3
Check: dependencies in R code
Result: NOTE
    Namespace in Imports field not imported from: ‘Rcpp’
     All declared Imports should be used.
Flavors: r-devel-linux-x86_64-fedora-clang, r-devel-linux-x86_64-fedora-gcc, r-patched-solaris-x86, r-release-osx-x86_64, r-oldrel-osx-x86_64

Version: 2.0.3
Check: running examples for arch ‘i386’
Result: ERROR
    Running examples in 'PPtreeViz-Ex.R' failed
    The error most likely occurred in:
    
    > ### Name: ENTROPYindex1D
    > ### Title: ENTROPY PPindex
    > ### Aliases: ENTROPYindex1D
    > ### Keywords: projection pursuit
    >
    > ### ** Examples
    >
    > data(iris)
    > ENTROPYindex1D(iris[,5],as.matrix(iris[,1,drop=FALSE]))
    Error in .ENTROPYindex1D(factor(origclass), origdata, proj) :
     function 'enterRNGScope' not provided by package 'Rcpp'
    Calls: ENTROPYindex1D -> .ENTROPYindex1D
    Execution halted
Flavors: r-devel-windows-ix86+x86_64, r-devel-windows-ix86+x86_64-gcc8, r-release-windows-ix86+x86_64, r-oldrel-windows-ix86+x86_64

Version: 2.0.3
Check: running examples for arch ‘x64’
Result: ERROR
    Running examples in 'PPtreeViz-Ex.R' failed
    The error most likely occurred in:
    
    > ### Name: ENTROPYindex1D
    > ### Title: ENTROPY PPindex
    > ### Aliases: ENTROPYindex1D
    > ### Keywords: projection pursuit
    >
    > ### ** Examples
    >
    > data(iris)
    > ENTROPYindex1D(iris[,5],as.matrix(iris[,1,drop=FALSE]))
    Error in .ENTROPYindex1D(factor(origclass), origdata, proj) :
     function 'enterRNGScope' not provided by package 'Rcpp'
    Calls: ENTROPYindex1D -> .ENTROPYindex1D
    Execution halted
Flavors: r-devel-windows-ix86+x86_64, r-devel-windows-ix86+x86_64-gcc8, r-release-windows-ix86+x86_64, r-oldrel-windows-ix86+x86_64