CRAN Package Check Results for Package PPtreeViz

Last updated on 2019-07-24 00:47:40 CEST.

Flavor Version Tinstall Tcheck Ttotal Status Flags
r-devel-linux-x86_64-debian-clang 2.0.3 33.71 76.24 109.95 OK
r-devel-linux-x86_64-debian-gcc 2.0.3 29.12 58.37 87.49 OK
r-devel-linux-x86_64-fedora-clang 2.0.3 139.41 NOTE
r-devel-linux-x86_64-fedora-gcc 2.0.3 133.25 NOTE
r-devel-windows-ix86+x86_64 2.0.3 64.00 121.00 185.00 OK
r-patched-linux-x86_64 2.0.3 32.33 72.36 104.69 OK
r-patched-solaris-x86 2.0.3 185.50 NOTE
r-release-linux-x86_64 2.0.3 29.52 71.68 101.20 OK
r-release-windows-ix86+x86_64 2.0.3 55.00 132.00 187.00 OK
r-release-osx-x86_64 2.0.3 NOTE
r-oldrel-windows-ix86+x86_64 2.0.3 80.00 154.00 234.00 OK
r-oldrel-osx-x86_64 2.0.3 NOTE

Check Details

Version: 2.0.3
Check: dependencies in R code
Result: NOTE
    Namespace in Imports field not imported from: ‘Rcpp’
     All declared Imports should be used.
Flavors: r-devel-linux-x86_64-fedora-clang, r-devel-linux-x86_64-fedora-gcc, r-patched-solaris-x86, r-release-osx-x86_64, r-oldrel-osx-x86_64