CRAN Package Check Results for Package PQLseq

Last updated on 2019-10-15 00:50:04 CEST.

Flavor Version Tinstall Tcheck Ttotal Status Flags
r-devel-linux-x86_64-debian-clang 1.1 49.28 55.41 104.69 NOTE
r-devel-linux-x86_64-debian-gcc 1.1 38.35 44.19 82.54 NOTE
r-devel-linux-x86_64-fedora-clang 1.1 139.53 NOTE
r-devel-linux-x86_64-fedora-gcc 1.1 135.56 NOTE
r-devel-windows-ix86+x86_64 1.1 86.00 140.00 226.00 OK
r-patched-linux-x86_64 1.1 40.47 53.88 94.35 NOTE
r-patched-solaris-x86 1.1 158.30 OK
r-release-linux-x86_64 1.1 39.42 53.88 93.30 NOTE
r-release-windows-ix86+x86_64 1.1 120.00 101.00 221.00 OK
r-release-osx-x86_64 1.1 OK
r-oldrel-windows-ix86+x86_64 1.1 78.00 93.00 171.00 OK
r-oldrel-osx-x86_64 1.1 OK

Check Details

Version: 1.1
Check: use of SHLIB_OPENMP_*FLAGS in Makefiles
Result: NOTE
     src/Makevars: SHLIB_OPENMP_CXXFLAGS is included in PKG_CXXFLAGS but not in PKG_LIBS
     src/Makevars: SHLIB_OPENMP_CFLAGS is included in PKG_LIBS but linking is by C++
     src/Makevars.win: SHLIB_OPENMP_CXXFLAGS is included in PKG_CXXFLAGS but not in PKG_LIBS
     src/Makevars.win: SHLIB_OPENMP_CFLAGS is included in PKG_LIBS but linking is by C++
    Use of these macros is discussed in sect 1.2.1.1 of 'Writing R
    Extensions'. The macros for different languages may differ so the
    matching macro must be used in PKG_CXXFLAGS (etc) and match that used
    in PKG_LIBS (except for Fortran: see the manual).
Flavors: r-devel-linux-x86_64-debian-clang, r-devel-linux-x86_64-debian-gcc, r-devel-linux-x86_64-fedora-clang, r-devel-linux-x86_64-fedora-gcc, r-patched-linux-x86_64, r-release-linux-x86_64