CRAN Package Check Results for Package PTE

Last updated on 2019-07-16 00:48:21 CEST.

Flavor Version Tinstall Tcheck Ttotal Status Flags
r-devel-linux-x86_64-debian-clang 1.7 7.06 53.94 61.00 OK
r-devel-linux-x86_64-debian-gcc 1.7 5.09 42.89 47.98 OK
r-devel-linux-x86_64-fedora-clang 1.7 73.02 NOTE
r-devel-linux-x86_64-fedora-gcc 1.7 72.09 NOTE
r-devel-windows-ix86+x86_64 1.7 19.00 57.00 76.00 OK
r-patched-linux-x86_64 1.7 7.01 53.50 60.51 OK
r-patched-solaris-x86 1.7 117.30 NOTE
r-release-linux-x86_64 1.7 6.83 52.94 59.77 OK
r-release-windows-ix86+x86_64 1.7 12.00 91.00 103.00 OK
r-release-osx-x86_64 1.7 NOTE
r-oldrel-windows-ix86+x86_64 1.7 11.00 62.00 73.00 OK
r-oldrel-osx-x86_64 1.7 NOTE

Check Details

Version: 1.7
Check: dependencies in R code
Result: NOTE
    Namespace in Imports field not imported from: ‘grDevices’
     All declared Imports should be used.
Flavors: r-devel-linux-x86_64-fedora-clang, r-devel-linux-x86_64-fedora-gcc, r-patched-solaris-x86, r-release-osx-x86_64, r-oldrel-osx-x86_64