CRAN Package Check Results for Package PTE

Last updated on 2019-10-22 00:52:32 CEST.

Flavor Version Tinstall Tcheck Ttotal Status Flags
r-devel-linux-x86_64-debian-clang 1.7 8.04 53.81 61.85 OK
r-devel-linux-x86_64-debian-gcc 1.7 6.23 42.57 48.80 OK
r-devel-linux-x86_64-fedora-clang 1.7 73.70 NOTE
r-devel-linux-x86_64-fedora-gcc 1.7 73.20 NOTE
r-devel-windows-ix86+x86_64 1.7 13.00 65.00 78.00 OK
r-patched-linux-x86_64 1.7 5.57 53.11 58.68 OK
r-patched-solaris-x86 1.7 113.90 NOTE
r-release-linux-x86_64 1.7 7.59 52.23 59.82 OK
r-release-windows-ix86+x86_64 1.7 18.00 96.00 114.00 OK
r-release-osx-x86_64 1.7 NOTE
r-oldrel-windows-ix86+x86_64 1.7 6.00 58.00 64.00 OK
r-oldrel-osx-x86_64 1.7 NOTE

Check Details

Version: 1.7
Check: dependencies in R code
Result: NOTE
    Namespace in Imports field not imported from: ‘grDevices’
     All declared Imports should be used.
Flavors: r-devel-linux-x86_64-fedora-clang, r-devel-linux-x86_64-fedora-gcc, r-patched-solaris-x86, r-release-osx-x86_64, r-oldrel-osx-x86_64