CRAN Package Check Results for Package PanelCount

Last updated on 2019-07-16 00:48:19 CEST.

Flavor Version Tinstall Tcheck Ttotal Status Flags
r-devel-linux-x86_64-debian-clang 1.0.9 24.04 29.85 53.89 OK
r-devel-linux-x86_64-debian-gcc 1.0.9 21.42 24.01 45.43 OK
r-devel-linux-x86_64-fedora-clang 1.0.9 74.98 NOTE
r-devel-linux-x86_64-fedora-gcc 1.0.9 72.31 NOTE
r-devel-windows-ix86+x86_64 1.0.9 63.00 62.00 125.00 OK
r-patched-linux-x86_64 1.0.9 24.26 30.10 54.36 OK
r-patched-solaris-x86 1.0.9 88.50 OK
r-release-linux-x86_64 1.0.9 26.38 30.26 56.64 OK
r-release-windows-ix86+x86_64 1.0.9 50.00 89.00 139.00 OK
r-release-osx-x86_64 1.0.9 OK
r-oldrel-windows-ix86+x86_64 1.0.9 70.00 60.00 130.00 OK
r-oldrel-osx-x86_64 1.0.9 OK

Check Details

Version: 1.0.9
Check: compiled code
Result: NOTE
    File ‘PanelCount/libs/PanelCount.so’:
     Found no calls to: ‘R_registerRoutines’, ‘R_useDynamicSymbols’
    
    It is good practice to register native routines and to disable symbol
    search.
    
    See ‘Writing portable packages’ in the ‘Writing R Extensions’ manual.
Flavors: r-devel-linux-x86_64-fedora-clang, r-devel-linux-x86_64-fedora-gcc