CRAN Package Check Results for Package PanelCount

Last updated on 2019-11-12 00:52:49 CET.

Flavor Version Tinstall Tcheck Ttotal Status Flags
r-devel-linux-x86_64-debian-clang 1.0.9 30.66 30.26 60.92 OK
r-devel-linux-x86_64-debian-gcc 1.0.9 19.98 23.82 43.80 OK
r-devel-linux-x86_64-fedora-clang 1.0.9 78.77 NOTE
r-devel-linux-x86_64-fedora-gcc 1.0.9 75.04 NOTE
r-devel-windows-ix86+x86_64 1.0.9 50.00 62.00 112.00 OK
r-patched-linux-x86_64 1.0.9 23.08 29.17 52.25 OK
r-patched-solaris-x86 1.0.9 83.40 OK
r-release-linux-x86_64 1.0.9 24.70 29.11 53.81 OK
r-release-windows-ix86+x86_64 1.0.9 63.00 61.00 124.00 OK
r-release-osx-x86_64 1.0.9 OK
r-oldrel-windows-ix86+x86_64 1.0.9 61.00 61.00 122.00 OK
r-oldrel-osx-x86_64 1.0.9 OK

Check Details

Version: 1.0.9
Check: compiled code
Result: NOTE
    File ‘PanelCount/libs/PanelCount.so’:
     Found no calls to: ‘R_registerRoutines’, ‘R_useDynamicSymbols’
    
    It is good practice to register native routines and to disable symbol
    search.
    
    See ‘Writing portable packages’ in the ‘Writing R Extensions’ manual.
Flavors: r-devel-linux-x86_64-fedora-clang, r-devel-linux-x86_64-fedora-gcc