CRAN Package Check Results for Package Pijavski

Last updated on 2019-07-24 00:47:39 CEST.

Flavor Version Tinstall Tcheck Ttotal Status Flags
r-devel-linux-x86_64-debian-clang 1.0 14.28 21.04 35.32 NOTE
r-devel-linux-x86_64-debian-gcc 1.0 10.55 17.19 27.74 NOTE
r-devel-linux-x86_64-fedora-clang 1.0 47.89 NOTE
r-devel-linux-x86_64-fedora-gcc 1.0 43.78 NOTE
r-devel-windows-ix86+x86_64 1.0 36.00 67.00 103.00 NOTE
r-patched-linux-x86_64 1.0 12.94 20.90 33.84 NOTE
r-patched-solaris-x86 1.0 63.60 OK
r-release-linux-x86_64 1.0 12.75 20.79 33.54 NOTE
r-release-windows-ix86+x86_64 1.0 37.00 47.00 84.00 NOTE
r-release-osx-x86_64 1.0 OK
r-oldrel-windows-ix86+x86_64 1.0 43.00 55.00 98.00 NOTE
r-oldrel-osx-x86_64 1.0 OK

Additional issues

rchk

Check Details

Version: 1.0
Check: pragmas in C/C++ headers and code
Result: NOTE
    File which contains pragma(s) suppressing diagnostics:
     'src/pijavski.cpp'
Flavors: r-devel-linux-x86_64-debian-clang, r-devel-linux-x86_64-debian-gcc, r-devel-linux-x86_64-fedora-clang, r-devel-linux-x86_64-fedora-gcc, r-devel-windows-ix86+x86_64, r-patched-linux-x86_64, r-release-linux-x86_64, r-release-windows-ix86+x86_64, r-oldrel-windows-ix86+x86_64

Version: 1.0
Check: compiled code
Result: NOTE
    File ‘Pijavski/libs/Pijavski.so’:
     Found no calls to: ‘R_registerRoutines’, ‘R_useDynamicSymbols’
    
    It is good practice to register native routines and to disable symbol
    search.
    
    See ‘Writing portable packages’ in the ‘Writing R Extensions’ manual.
Flavors: r-devel-linux-x86_64-fedora-clang, r-devel-linux-x86_64-fedora-gcc