Last updated on 2019-12-16 00:49:05 CET.
Flavor | Version | Tinstall | Tcheck | Ttotal | Status | Flags |
---|---|---|---|---|---|---|
r-devel-linux-x86_64-debian-clang | 1.3.4 | 37.77 | 85.55 | 123.32 | OK | |
r-devel-linux-x86_64-debian-gcc | 1.3.4 | 23.97 | 64.82 | 88.79 | OK | |
r-devel-linux-x86_64-fedora-clang | 1.3.4 | 153.84 | OK | |||
r-devel-linux-x86_64-fedora-gcc | 1.3.4 | 148.83 | OK | |||
r-devel-windows-ix86+x86_64 | 1.3.4 | 61.00 | 126.00 | 187.00 | OK | |
r-devel-windows-ix86+x86_64-gcc8 | 1.3.4 | 63.00 | 178.00 | 241.00 | NOTE | |
r-patched-linux-x86_64 | 1.3.4 | 27.75 | 79.25 | 107.00 | OK | |
r-patched-solaris-x86 | 1.3.4 | 182.20 | OK | |||
r-release-linux-x86_64 | 1.3.4 | 28.69 | 81.14 | 109.83 | OK | |
r-release-windows-ix86+x86_64 | 1.3.4 | 61.00 | 113.00 | 174.00 | OK | |
r-release-osx-x86_64 | 1.3.4 | NOTE | ||||
r-oldrel-windows-ix86+x86_64 | 1.3.4 | 54.00 | 92.00 | 146.00 | OK | |
r-oldrel-osx-x86_64 | 1.3.4 | OK |
Version: 1.3.4
Check: installed package size
Result: NOTE
installed size is 5.2Mb
sub-directories of 1Mb or more:
data 1.7Mb
libs 2.1Mb
Flavor: r-devel-windows-ix86+x86_64-gcc8
Version: 1.3.4
Check: package dependencies
Result: NOTE
Package suggested but not available for checking: ‘EBImage’
Flavor: r-release-osx-x86_64