CRAN Package Check Results for Package ProFound

Last updated on 2020-07-11 00:48:58 CEST.

Flavor Version Tinstall Tcheck Ttotal Status Flags
r-devel-linux-x86_64-debian-clang 1.3.4 40.25 81.90 122.15 OK
r-devel-linux-x86_64-debian-gcc 1.3.4 26.04 63.37 89.41 OK
r-devel-linux-x86_64-fedora-clang 1.3.4 159.53 OK
r-devel-linux-x86_64-fedora-gcc 1.3.4 150.68 OK
r-devel-windows-ix86+x86_64 1.3.4 65.00 146.00 211.00 NOTE
r-patched-linux-x86_64 1.3.4 30.66 81.94 112.60 OK
r-patched-solaris-x86 1.3.4 179.60 OK
r-release-linux-x86_64 1.3.4 31.83 81.61 113.44 OK
r-release-osx-x86_64 1.3.4 OK
r-release-windows-ix86+x86_64 1.3.4 64.00 116.00 180.00 NOTE
r-oldrel-osx-x86_64 1.3.4 NOTE
r-oldrel-windows-ix86+x86_64 1.3.4 85.00 112.00 197.00 OK

Check Details

Version: 1.3.4
Check: installed package size
Result: NOTE
     installed size is 5.2Mb
     sub-directories of 1Mb or more:
     data 1.7Mb
     libs 2.1Mb
Flavors: r-devel-windows-ix86+x86_64, r-release-windows-ix86+x86_64

Version: 1.3.4
Check: package dependencies
Result: NOTE
    Package suggested but not available for checking: ‘EBImage’
Flavor: r-oldrel-osx-x86_64