CRAN Package Check Results for Package QSARdata

Last updated on 2019-12-16 00:49:06 CET.

Flavor Version Tinstall Tcheck Ttotal Status Flags
r-devel-linux-x86_64-debian-clang 1.3 2.23 27.79 30.02 NOTE
r-devel-linux-x86_64-debian-gcc 1.3 2.14 22.83 24.97 NOTE
r-devel-linux-x86_64-fedora-clang 1.3 37.39 NOTE
r-devel-linux-x86_64-fedora-gcc 1.3 37.79 NOTE
r-devel-windows-ix86+x86_64 1.3 6.00 40.00 46.00 NOTE
r-devel-windows-ix86+x86_64-gcc8 1.3 5.00 38.00 43.00 NOTE
r-patched-linux-x86_64 1.3 1.91 26.44 28.35 NOTE
r-patched-solaris-x86 1.3 56.50 NOTE
r-release-linux-x86_64 1.3 2.12 26.70 28.82 NOTE
r-release-windows-ix86+x86_64 1.3 5.00 49.00 54.00 NOTE
r-release-osx-x86_64 1.3 NOTE
r-oldrel-windows-ix86+x86_64 1.3 3.00 33.00 36.00 NOTE
r-oldrel-osx-x86_64 1.3 NOTE

Check Details

Version: 1.3
Check: DESCRIPTION meta-information
Result: NOTE
    Malformed Description field: should contain one or more complete sentences.
Flavors: r-devel-linux-x86_64-debian-clang, r-devel-linux-x86_64-debian-gcc, r-devel-linux-x86_64-fedora-clang, r-devel-linux-x86_64-fedora-gcc, r-devel-windows-ix86+x86_64, r-devel-windows-ix86+x86_64-gcc8, r-patched-linux-x86_64, r-patched-solaris-x86, r-release-linux-x86_64, r-release-windows-ix86+x86_64, r-release-osx-x86_64, r-oldrel-windows-ix86+x86_64, r-oldrel-osx-x86_64

Version: 1.3
Check: installed package size
Result: NOTE
     installed size is 12.7Mb
     sub-directories of 1Mb or more:
     data 12.5Mb
Flavors: r-devel-linux-x86_64-fedora-clang, r-devel-windows-ix86+x86_64, r-devel-windows-ix86+x86_64-gcc8, r-patched-solaris-x86, r-release-windows-ix86+x86_64, r-release-osx-x86_64, r-oldrel-windows-ix86+x86_64, r-oldrel-osx-x86_64