CRAN Package Check Results for Package QZ

Last updated on 2019-08-17 00:51:21 CEST.

Flavor Version Tinstall Tcheck Ttotal Status Flags
r-devel-linux-x86_64-debian-clang 0.1-7 11.73 67.78 79.51 OK
r-devel-linux-x86_64-debian-gcc 0.1-7 8.35 54.13 62.48 OK
r-devel-linux-x86_64-fedora-clang 0.1-7 96.69 OK
r-devel-linux-x86_64-fedora-gcc 0.1-7 96.16 OK
r-devel-windows-ix86+x86_64 0.1-7 55.00 137.00 192.00 OK
r-patched-linux-x86_64 0.1-7 10.84 66.07 76.91 OK
r-patched-solaris-x86 0.1-7 167.20 OK
r-release-linux-x86_64 0.1-7 10.23 65.52 75.75 OK
r-release-windows-ix86+x86_64 0.1-7 47.00 140.00 187.00 OK
r-release-osx-x86_64 0.1-7 OK
r-oldrel-windows-ix86+x86_64 0.1-6 68.00 135.00 203.00 OK
r-oldrel-osx-x86_64 0.1-7 ERROR

Additional issues

LTO

Check Details

Version: 0.1-7
Check: whether package can be installed
Result: ERROR
    Installation failed.
Flavor: r-oldrel-osx-x86_64