CRAN Package Check Results for Package QZ

Last updated on 2019-12-06 00:50:07 CET.

Flavor Version Tinstall Tcheck Ttotal Status Flags
r-devel-linux-x86_64-debian-clang 0.1-9 12.70 73.37 86.07 OK
r-devel-linux-x86_64-debian-gcc 0.1-9 10.06 57.10 67.16 OK
r-devel-linux-x86_64-fedora-clang 0.1-9 99.81 OK
r-devel-linux-x86_64-fedora-gcc 0.1-9 104.00 OK
r-devel-windows-ix86+x86_64 0.1-9 44.00 9.00 53.00 ERROR
r-devel-windows-ix86+x86_64-gcc8 0.1-9 37.00 108.00 145.00 OK
r-patched-linux-x86_64 0.1-9 10.19 67.07 77.26 OK
r-patched-solaris-x86 0.1-9 133.80 OK
r-release-linux-x86_64 0.1-9 10.67 66.48 77.15 OK
r-release-windows-ix86+x86_64 0.1-9 47.00 102.00 149.00 OK
r-release-osx-x86_64 0.1-9 OK
r-oldrel-windows-ix86+x86_64 0.1-6 68.00 135.00 203.00 OK
r-oldrel-osx-x86_64 0.1-9 ERROR

Check Details

Version: 0.1-9
Check: whether package can be installed
Result: ERROR
    Installation failed.
Flavors: r-devel-windows-ix86+x86_64, r-oldrel-osx-x86_64