CRAN Package Check Results for Package R.rsp

Last updated on 2019-09-22 00:47:46 CEST.

Flavor Version Tinstall Tcheck Ttotal Status Flags
r-devel-linux-x86_64-debian-clang 0.43.1 10.67 137.95 148.62 NOTE
r-devel-linux-x86_64-debian-gcc 0.43.1 9.19 111.28 120.47 NOTE
r-devel-linux-x86_64-fedora-clang 0.43.1 200.01 NOTE
r-devel-linux-x86_64-fedora-gcc 0.43.1 200.14 NOTE
r-devel-windows-ix86+x86_64 0.43.1 43.00 522.00 565.00 OK
r-patched-linux-x86_64 0.43.1 11.60 139.22 150.82 OK
r-patched-solaris-x86 0.43.1 266.40 OK
r-release-linux-x86_64 0.43.1 11.44 140.97 152.41 OK
r-release-windows-ix86+x86_64 0.43.1 25.00 473.00 498.00 OK
r-release-osx-x86_64 0.43.1 FAIL
r-oldrel-windows-ix86+x86_64 0.43.1 22.00 526.00 548.00 OK
r-oldrel-osx-x86_64 0.43.1 OK

Check Details

Version: 0.43.1
Check: for non-standard things in the check directory
Result: NOTE
    Found the following files/directories:
     'random-args.txt' 'random.txt'
Flavors: r-devel-linux-x86_64-debian-clang, r-devel-linux-x86_64-debian-gcc, r-devel-linux-x86_64-fedora-clang, r-devel-linux-x86_64-fedora-gcc

Version: 0.43.1
Check: dependencies in R code
Result: FAIL
    
Flavor: r-release-osx-x86_64