CRAN Package Check Results for Package R2HTML

Last updated on 2019-07-16 00:48:21 CEST.

Flavor Version Tinstall Tcheck Ttotal Status Flags
r-devel-linux-x86_64-debian-clang 2.3.2 6.40 37.63 44.03 NOTE
r-devel-linux-x86_64-debian-gcc 2.3.2 5.06 30.18 35.24 NOTE
r-devel-linux-x86_64-fedora-clang 2.3.2 52.54 NOTE
r-devel-linux-x86_64-fedora-gcc 2.3.2 50.79 NOTE
r-devel-windows-ix86+x86_64 2.3.2 16.00 65.00 81.00 OK
r-patched-linux-x86_64 2.3.2 7.18 37.97 45.15 OK
r-patched-solaris-x86 2.3.2 75.70 OK
r-release-linux-x86_64 2.3.2 5.51 38.37 43.88 OK
r-release-windows-ix86+x86_64 2.3.2 11.00 67.00 78.00 OK
r-release-osx-x86_64 2.3.2 OK
r-oldrel-windows-ix86+x86_64 2.3.2 22.00 65.00 87.00 OK
r-oldrel-osx-x86_64 2.3.2 OK

Check Details

Version: 2.3.2
Check: for non-standard things in the check directory
Result: NOTE
    Found the following files/directories:
     'output.html'
Flavors: r-devel-linux-x86_64-debian-clang, r-devel-linux-x86_64-debian-gcc, r-devel-linux-x86_64-fedora-clang, r-devel-linux-x86_64-fedora-gcc