CRAN Package Check Results for Package R2HTML

Last updated on 2019-10-23 00:48:00 CEST.

Flavor Version Tinstall Tcheck Ttotal Status Flags
r-devel-linux-x86_64-debian-clang 2.3.2 6.67 37.26 43.93 NOTE
r-devel-linux-x86_64-debian-gcc 2.3.2 5.52 29.55 35.07 NOTE
r-devel-linux-x86_64-fedora-clang 2.3.2 54.33 NOTE
r-devel-linux-x86_64-fedora-gcc 2.3.2 51.50 NOTE
r-devel-windows-ix86+x86_64 2.3.2 24.00 47.00 71.00 OK
r-patched-linux-x86_64 2.3.2 5.64 37.69 43.33 OK
r-patched-solaris-x86 2.3.2 69.70 OK
r-release-linux-x86_64 2.3.2 5.03 37.06 42.09 OK
r-release-windows-ix86+x86_64 2.3.2 17.00 47.00 64.00 OK
r-release-osx-x86_64 2.3.2 OK
r-oldrel-windows-ix86+x86_64 2.3.2 12.00 73.00 85.00 OK
r-oldrel-osx-x86_64 2.3.2 OK

Check Details

Version: 2.3.2
Check: for non-standard things in the check directory
Result: NOTE
    Found the following files/directories:
     'output.html'
Flavors: r-devel-linux-x86_64-debian-clang, r-devel-linux-x86_64-debian-gcc, r-devel-linux-x86_64-fedora-clang, r-devel-linux-x86_64-fedora-gcc