CRAN Package Check Results for Package REAT

Last updated on 2018-10-19 00:50:18 CEST.

Flavor Version Tinstall Tcheck Ttotal Status Flags
r-devel-linux-x86_64-debian-clang 2.1.0 2.55 32.31 34.86 OK
r-devel-linux-x86_64-debian-gcc 2.1.0 3.04 25.70 28.74 OK
r-devel-linux-x86_64-fedora-clang 2.1.0 42.01 NOTE
r-devel-linux-x86_64-fedora-gcc 2.1.0 39.57 NOTE
r-devel-windows-ix86+x86_64 2.0.3 9.00 50.00 59.00 OK
r-patched-linux-x86_64 2.1.0 3.04 29.75 32.79 OK
r-patched-solaris-x86 2.0.3 45.60 OK
r-release-linux-x86_64 2.1.0 3.73 30.10 33.83 OK
r-release-windows-ix86+x86_64 2.0.3 9.00 56.00 65.00 OK
r-release-osx-x86_64 2.1.0 NOTE
r-oldrel-windows-ix86+x86_64 2.0.3 4.00 36.00 40.00 OK
r-oldrel-osx-x86_64 2.1.0 NOTE

Check Details

Version: 2.1.0
Check: data for non-ASCII characters
Result: NOTE
     Note: found 8 marked UTF-8 strings
Flavors: r-devel-linux-x86_64-fedora-clang, r-devel-linux-x86_64-fedora-gcc, r-release-osx-x86_64, r-oldrel-osx-x86_64