CRAN Package Check Results for Package RInside

Last updated on 2019-12-16 00:49:07 CET.

Flavor Version Tinstall Tcheck Ttotal Status Flags
r-devel-linux-x86_64-debian-clang 0.2.15 12.28 22.10 34.38 NOTE
r-devel-linux-x86_64-debian-gcc 0.2.15 8.02 17.71 25.73 NOTE
r-devel-linux-x86_64-fedora-clang 0.2.15 46.10 NOTE
r-devel-linux-x86_64-fedora-gcc 0.2.15 43.11 NOTE
r-devel-windows-ix86+x86_64 0.2.15 51.00 94.00 145.00 NOTE
r-devel-windows-ix86+x86_64-gcc8 0.2.15 40.00 116.00 156.00 WARN
r-patched-linux-x86_64 0.2.15 9.49 20.86 30.35 NOTE
r-patched-solaris-x86 0.2.15 57.60 NOTE
r-release-linux-x86_64 0.2.15 9.29 20.67 29.96 NOTE
r-release-windows-ix86+x86_64 0.2.15 52.00 85.00 137.00 NOTE
r-release-osx-x86_64 0.2.15 WARN
r-oldrel-windows-ix86+x86_64 0.2.15 34.00 85.00 119.00 NOTE
r-oldrel-osx-x86_64 0.2.15 NOTE

Check Details

Version: 0.2.15
Check: compiled code
Result: NOTE
    File 'RInside/libs/RInside.so':
     Found 'srand', possibly from 'srand' (C)
     Object: 'RInside.o'
    File 'RInside/libs/RInside.so':
     Found non-API calls to R: 'R_CStackLimit', 'R_CleanTempDir',
     'R_DefParams', 'R_ReplDLLdo1', 'R_ReplDLLinit',
     'R_RunExitFinalizers', 'R_SetParams', 'R_SignalHandlers',
     'R_TempDir', 'Rf_endEmbeddedR', 'Rf_initEmbeddedR'
    
    Compiled code should not call entry points which might terminate R nor
    write to stdout/stderr instead of to the console, nor use Fortran I/O
    nor system RNGs.
    Compiled code should not call non-API entry points in R.
    
    See 'Writing portable packages' in the 'Writing R Extensions' manual.
Flavors: r-devel-linux-x86_64-debian-clang, r-devel-linux-x86_64-debian-gcc, r-patched-linux-x86_64, r-patched-solaris-x86, r-release-linux-x86_64

Version: 0.2.15
Check: compiled code
Result: NOTE
    File ‘RInside/libs/RInside.so’:
     Found ‘srand’, possibly from ‘srand’ (C)
     Object: ‘RInside.o’
    File ‘RInside/libs/RInside.so’:
     Found non-API calls to R: ‘R_CStackLimit’, ‘R_CleanTempDir’,
     ‘R_DefParams’, ‘R_ReplDLLdo1’, ‘R_ReplDLLinit’,
     ‘R_RunExitFinalizers’, ‘R_SetParams’, ‘R_SignalHandlers’,
     ‘R_TempDir’, ‘Rf_endEmbeddedR’, ‘Rf_initEmbeddedR’
    File ‘RInside/libs/RInside.so’:
     Found no calls to: ‘R_registerRoutines’, ‘R_useDynamicSymbols’
    
    Compiled code should not call entry points which might terminate R nor
    write to stdout/stderr instead of to the console, nor use Fortran I/O
    nor system RNGs.
    Compiled code should not call non-API entry points in R.
    It is good practice to register native routines and to disable symbol
    search.
    
    See ‘Writing portable packages’ in the ‘Writing R Extensions’ manual.
Flavors: r-devel-linux-x86_64-fedora-clang, r-devel-linux-x86_64-fedora-gcc

Version: 0.2.15
Check: installed package size
Result: NOTE
     installed size is 8.8Mb
     sub-directories of 1Mb or more:
     lib 3.5Mb
     libs 4.8Mb
Flavors: r-devel-windows-ix86+x86_64, r-devel-windows-ix86+x86_64-gcc8, r-release-windows-ix86+x86_64, r-oldrel-windows-ix86+x86_64

Version: 0.2.15
Check: compiled code
Result: NOTE
    File 'RInside/libs/i386/RInside.dll':
     Found 'srand', possibly from 'srand' (C)
     Object: 'RInside.o'
    File 'RInside/libs/x64/RInside.dll':
     Found 'srand', possibly from 'srand' (C)
     Object: 'RInside.o'
    File 'RInside/libs/i386/libRInside.dll':
     Found 'srand', possibly from 'srand' (C)
     Object: 'RInside.o'
    File 'RInside/libs/x64/libRInside.dll':
     Found 'srand', possibly from 'srand' (C)
     Object: 'RInside.o'
    File 'RInside/libs/i386/RInside.dll':
     Found non-API calls to R: 'R_CleanTempDir', 'R_DefParams',
     'R_ReplDLLdo1', 'R_ReplDLLinit', 'R_RunExitFinalizers',
     'R_SetParams', 'R_TempDir', 'Rf_endEmbeddedR', 'Rf_initEmbeddedR',
     'getRUser', 'get_R_HOME'
    File 'RInside/libs/x64/RInside.dll':
     Found non-API calls to R: 'R_CleanTempDir', 'R_DefParams',
     'R_ReplDLLdo1', 'R_ReplDLLinit', 'R_RunExitFinalizers',
     'R_SetParams', 'R_TempDir', 'Rf_endEmbeddedR', 'Rf_initEmbeddedR',
     'getRUser', 'get_R_HOME'
    File 'RInside/libs/i386/libRInside.dll':
     Found non-API calls to R: 'R_CleanTempDir', 'R_DefParams',
     'R_ReplDLLdo1', 'R_ReplDLLinit', 'R_RunExitFinalizers',
     'R_SetParams', 'R_TempDir', 'Rf_endEmbeddedR', 'Rf_initEmbeddedR',
     'getRUser', 'get_R_HOME'
    File 'RInside/libs/x64/libRInside.dll':
     Found non-API calls to R: 'R_CleanTempDir', 'R_DefParams',
     'R_ReplDLLdo1', 'R_ReplDLLinit', 'R_RunExitFinalizers',
     'R_SetParams', 'R_TempDir', 'Rf_endEmbeddedR', 'Rf_initEmbeddedR',
     'getRUser', 'get_R_HOME'
    
    Compiled code should not call entry points which might terminate R nor
    write to stdout/stderr instead of to the console, nor use Fortran I/O
    nor system RNGs.
    Compiled code should not call non-API entry points in R.
    
    See 'Writing portable packages' in the 'Writing R Extensions' manual.
Flavors: r-devel-windows-ix86+x86_64, r-devel-windows-ix86+x86_64-gcc8, r-release-windows-ix86+x86_64, r-oldrel-windows-ix86+x86_64

Version: 0.2.15
Check: whether package can be installed
Result: WARN
    Found the following significant warnings:
     RInside.cpp:169:12: warning: 'char* strncpy(char*, const char*, size_t)' specified bound 260 equals destination size [-Wstringop-truncation]
Flavor: r-devel-windows-ix86+x86_64-gcc8

Version: 0.2.15
Check: whether package can be installed
Result: WARN
    Found the following significant warnings:
     WARNING: shared objects/dynamic libraries with hard-coded temporary installation paths
Flavor: r-release-osx-x86_64

Version: 0.2.15
Check: compiled code
Result: NOTE
    File ‘RInside/libs/RInside.so’:
     Found ‘_srand’, possibly from ‘srand’ (C)
     Object: ‘RInside.o’
    File ‘RInside/libs/RInside.so’:
     Found non-API calls to R: ‘R_CStackLimit’, ‘R_CleanTempDir’,
     ‘R_DefParams’, ‘R_ReplDLLdo1’, ‘R_ReplDLLinit’,
     ‘R_RunExitFinalizers’, ‘R_SetParams’, ‘R_SignalHandlers’,
     ‘R_TempDir’, ‘Rf_endEmbeddedR’, ‘Rf_initEmbeddedR’
    
    Compiled code should not call entry points which might terminate R nor
    write to stdout/stderr instead of to the console, nor use Fortran I/O
    nor system RNGs.
    Compiled code should not call non-API entry points in R.
    
    See ‘Writing portable packages’ in the ‘Writing R Extensions’ manual.
Flavors: r-release-osx-x86_64, r-oldrel-osx-x86_64