CRAN Package Check Results for Package RJDemetra

Last updated on 2019-09-21 00:52:51 CEST.

Flavor Version Tinstall Tcheck Ttotal Status Flags
r-devel-linux-x86_64-debian-clang 0.1.3 9.27 63.53 72.80 OK
r-devel-linux-x86_64-debian-gcc 0.1.3 7.78 48.77 56.55 OK
r-devel-linux-x86_64-fedora-clang 0.1.3 89.77 NOTE
r-devel-linux-x86_64-fedora-gcc 0.1.3 88.78 OK
r-devel-windows-ix86+x86_64 0.1.3 17.00 5.00 22.00 ERROR
r-patched-linux-x86_64 0.1.3 8.77 63.06 71.83 OK
r-release-linux-x86_64 0.1.3 9.31 63.50 72.81 OK
r-release-windows-ix86+x86_64 0.1.3 16.00 68.00 84.00 NOTE
r-release-osx-x86_64 0.1.3 NOTE
r-oldrel-windows-ix86+x86_64 0.1.3 12.00 62.00 74.00 NOTE
r-oldrel-osx-x86_64 0.1.3 NOTE

Check Details

Version: 0.1.3
Check: installed package size
Result: NOTE
     installed size is 5.1Mb
     sub-directories of 1Mb or more:
     java 4.4Mb
Flavors: r-devel-linux-x86_64-fedora-clang, r-release-windows-ix86+x86_64, r-release-osx-x86_64, r-oldrel-windows-ix86+x86_64, r-oldrel-osx-x86_64

Version: 0.1.3
Check: whether package can be installed
Result: ERROR
    Installation failed.
Flavor: r-devel-windows-ix86+x86_64