CRAN Package Check Results for Package RMKdiscrete

Last updated on 2020-02-24 00:48:52 CET.

Flavor Version Tinstall Tcheck Ttotal Status Flags
r-devel-linux-x86_64-debian-clang 0.1 4.67 37.01 41.68 NOTE
r-devel-linux-x86_64-debian-gcc 0.1 NOTE
r-devel-linux-x86_64-fedora-clang 0.1 44.37 NOTE
r-devel-linux-x86_64-fedora-gcc 0.1 43.24 NOTE
r-devel-windows-ix86+x86_64 0.1 13.00 55.00 68.00 NOTE
r-devel-windows-ix86+x86_64-gcc8 0.1 20.00 77.00 97.00 NOTE
r-patched-linux-x86_64 0.1 NOTE
r-patched-solaris-x86 0.1 58.00 NOTE
r-release-linux-x86_64 0.1 4.53 33.43 37.96 NOTE
r-release-windows-ix86+x86_64 0.1 13.00 69.00 82.00 NOTE
r-release-osx-x86_64 0.1 NOTE
r-oldrel-windows-ix86+x86_64 0.1 11.00 51.00 62.00 NOTE
r-oldrel-osx-x86_64 0.1 NOTE

Check Details

Version: 0.1
Check: R code for possible problems
Result: NOTE
    .pLGP_qvec: no visible global function definition for 'ppois'
    .qLGP_pvec: no visible global function definition for 'qpois'
    .rLGP.failsafe: no visible global function definition for 'runif'
    .subdmg: no visible global function definition for 'dbinom'
    dnegbin: no visible global function definition for 'dnbinom'
    pLGP: no visible global function definition for 'ppois'
    qLGP: no visible global function definition for 'qpois'
    rLGP: no visible global function definition for 'rpois'
    rLGP: no visible global function definition for 'rnorm'
    rLGP: no visible global function definition for 'runif'
    rbinegbin: no visible global function definition for 'rnbinom'
    rmanaclash: no visible global function definition for 'rbinom'
    rmanaclash: no visible global function definition for 'runif'
    Undefined global functions or variables:
     dbinom dnbinom ppois qpois rbinom rnbinom rnorm rpois runif
    Consider adding
     importFrom("stats", "dbinom", "dnbinom", "ppois", "qpois", "rbinom",
     "rnbinom", "rnorm", "rpois", "runif")
    to your NAMESPACE file.
Flavors: r-devel-linux-x86_64-debian-clang, r-devel-linux-x86_64-debian-gcc, r-devel-linux-x86_64-fedora-clang, r-devel-linux-x86_64-fedora-gcc, r-devel-windows-ix86+x86_64, r-devel-windows-ix86+x86_64-gcc8, r-patched-linux-x86_64, r-patched-solaris-x86, r-release-linux-x86_64, r-release-windows-ix86+x86_64, r-release-osx-x86_64, r-oldrel-windows-ix86+x86_64, r-oldrel-osx-x86_64

Version: 0.1
Check: compiled code
Result: NOTE
    File ‘RMKdiscrete/libs/RMKdiscrete.so’:
     Found no calls to: ‘R_registerRoutines’, ‘R_useDynamicSymbols’
    
    It is good practice to register native routines and to disable symbol
    search.
    
    See ‘Writing portable packages’ in the ‘Writing R Extensions’ manual.
Flavors: r-devel-linux-x86_64-fedora-clang, r-devel-linux-x86_64-fedora-gcc