CRAN Package Check Results for Package RMTL

Last updated on 2019-11-12 00:52:54 CET.

Flavor Version Tinstall Tcheck Ttotal Status Flags
r-devel-linux-x86_64-debian-clang 0.9 4.64 43.80 48.44 NOTE
r-devel-linux-x86_64-debian-gcc 0.9 3.63 32.94 36.57 NOTE
r-devel-linux-x86_64-fedora-clang 0.9 56.17 OK
r-devel-linux-x86_64-fedora-gcc 0.9 55.21 OK
r-devel-windows-ix86+x86_64 0.9 8.00 56.00 64.00 NOTE
r-patched-linux-x86_64 0.9 3.92 41.73 45.65 OK
r-patched-solaris-x86 0.9 74.00 OK
r-release-linux-x86_64 0.9 3.89 41.96 45.85 OK
r-release-windows-ix86+x86_64 0.9 10.00 57.00 67.00 OK
r-release-osx-x86_64 0.9 OK
r-oldrel-windows-ix86+x86_64 0.9 6.00 68.00 74.00 OK
r-oldrel-osx-x86_64 0.9 OK

Check Details

Version: 0.9
Check: package vignettes
Result: NOTE
    Package vignette with placeholder title 'Vignette Title':
     'rmtl.Rmd'
Flavors: r-devel-linux-x86_64-debian-clang, r-devel-linux-x86_64-debian-gcc, r-devel-windows-ix86+x86_64