CRAN Package Check Results for Package RMTstat

Last updated on 2020-02-24 00:48:52 CET.

Flavor Version Tinstall Tcheck Ttotal Status Flags
r-devel-linux-x86_64-debian-clang 0.3 2.04 21.56 23.60 NOTE
r-devel-linux-x86_64-debian-gcc 0.3 NOTE
r-devel-linux-x86_64-fedora-clang 0.3 28.40 NOTE
r-devel-linux-x86_64-fedora-gcc 0.3 27.50 NOTE
r-devel-windows-ix86+x86_64 0.3 5.00 32.00 37.00 NOTE
r-devel-windows-ix86+x86_64-gcc8 0.3 10.00 43.00 53.00 NOTE
r-patched-linux-x86_64 0.3 NOTE
r-patched-solaris-x86 0.3 39.80 NOTE
r-release-linux-x86_64 0.3 1.64 19.27 20.91 NOTE
r-release-windows-ix86+x86_64 0.3 4.00 39.00 43.00 NOTE
r-release-osx-x86_64 0.3 NOTE
r-oldrel-windows-ix86+x86_64 0.3 2.00 28.00 30.00 NOTE
r-oldrel-osx-x86_64 0.3 NOTE

Check Details

Version: 0.3
Check: R code for possible problems
Result: NOTE
    dWishartSpike: no visible global function definition for 'dnorm'
    pWishartSpike: no visible global function definition for 'pnorm'
    qWishartSpike: no visible global function definition for 'qnorm'
    rWishartSpike: no visible global function definition for 'qnorm'
    rmp: no visible global function definition for 'runif'
    rtw: no visible global function definition for 'runif'
    Undefined global functions or variables:
     dnorm pnorm qnorm runif
    Consider adding
     importFrom("stats", "dnorm", "pnorm", "qnorm", "runif")
    to your NAMESPACE file.
Flavors: r-devel-linux-x86_64-debian-clang, r-devel-linux-x86_64-debian-gcc, r-devel-linux-x86_64-fedora-clang, r-devel-linux-x86_64-fedora-gcc, r-devel-windows-ix86+x86_64, r-devel-windows-ix86+x86_64-gcc8, r-patched-linux-x86_64, r-patched-solaris-x86, r-release-linux-x86_64, r-release-windows-ix86+x86_64, r-release-osx-x86_64, r-oldrel-windows-ix86+x86_64, r-oldrel-osx-x86_64