CRAN Package Check Results for Package RMTstat

Last updated on 2019-09-21 00:52:52 CEST.

Flavor Version Tinstall Tcheck Ttotal Status Flags
r-devel-linux-x86_64-debian-clang 0.3 1.88 18.98 20.86 NOTE
r-devel-linux-x86_64-debian-gcc 0.3 1.72 15.35 17.07 NOTE
r-devel-linux-x86_64-fedora-clang 0.3 26.71 NOTE
r-devel-linux-x86_64-fedora-gcc 0.3 25.58 NOTE
r-devel-windows-ix86+x86_64 0.3 9.00 40.00 49.00 NOTE
r-patched-linux-x86_64 0.3 1.72 19.05 20.77 NOTE
r-patched-solaris-x86 0.3 40.30 NOTE
r-release-linux-x86_64 0.3 1.84 19.18 21.02 NOTE
r-release-windows-ix86+x86_64 0.3 4.00 39.00 43.00 NOTE
r-release-osx-x86_64 0.3 NOTE
r-oldrel-windows-ix86+x86_64 0.3 2.00 28.00 30.00 NOTE
r-oldrel-osx-x86_64 0.3 NOTE

Check Details

Version: 0.3
Check: R code for possible problems
Result: NOTE
    dWishartSpike: no visible global function definition for 'dnorm'
    pWishartSpike: no visible global function definition for 'pnorm'
    qWishartSpike: no visible global function definition for 'qnorm'
    rWishartSpike: no visible global function definition for 'qnorm'
    rmp: no visible global function definition for 'runif'
    rtw: no visible global function definition for 'runif'
    Undefined global functions or variables:
     dnorm pnorm qnorm runif
    Consider adding
     importFrom("stats", "dnorm", "pnorm", "qnorm", "runif")
    to your NAMESPACE file.
Flavors: r-devel-linux-x86_64-debian-clang, r-devel-linux-x86_64-debian-gcc, r-devel-linux-x86_64-fedora-clang, r-devel-linux-x86_64-fedora-gcc, r-devel-windows-ix86+x86_64, r-patched-linux-x86_64, r-patched-solaris-x86, r-release-linux-x86_64, r-release-windows-ix86+x86_64, r-release-osx-x86_64, r-oldrel-windows-ix86+x86_64, r-oldrel-osx-x86_64