CRAN Package Check Results for Package RRphylo

Last updated on 2019-07-16 00:48:24 CEST.

Flavor Version Tinstall Tcheck Ttotal Status Flags
r-devel-linux-x86_64-debian-clang 2.0.3 22.98 135.96 158.94 OK
r-devel-linux-x86_64-debian-gcc 2.0.3 21.44 108.11 129.55 OK
r-devel-linux-x86_64-fedora-clang 2.0.3 200.64 NOTE
r-devel-linux-x86_64-fedora-gcc 2.0.3 193.79 NOTE
r-devel-windows-ix86+x86_64 2.0.3 62.00 197.00 259.00 OK
r-patched-linux-x86_64 2.0.3 25.14 137.60 162.74 OK
r-patched-solaris-x86 2.0.3 287.70 NOTE
r-release-linux-x86_64 2.0.3 22.60 136.14 158.74 OK
r-release-windows-ix86+x86_64 2.0.3 42.00 239.00 281.00 OK
r-release-osx-x86_64 2.0.3 NOTE
r-oldrel-windows-ix86+x86_64 2.0.3 45.00 156.00 201.00 OK
r-oldrel-osx-x86_64 2.0.3 NOTE

Check Details

Version: 2.0.3
Check: dependencies in R code
Result: NOTE
    Namespaces in Imports field not imported from:
     ‘data.tree’ ‘penalized’
     All declared Imports should be used.
Flavors: r-devel-linux-x86_64-fedora-clang, r-devel-linux-x86_64-fedora-gcc, r-patched-solaris-x86, r-release-osx-x86_64, r-oldrel-osx-x86_64