CRAN Package Check Results for Package RRphylo

Last updated on 2019-11-12 00:52:54 CET.

Flavor Version Tinstall Tcheck Ttotal Status Flags
r-devel-linux-x86_64-debian-clang 2.0.3 21.47 137.74 159.21 OK
r-devel-linux-x86_64-debian-gcc 2.0.3 19.19 106.25 125.44 OK
r-devel-linux-x86_64-fedora-clang 2.0.3 190.34 NOTE
r-devel-linux-x86_64-fedora-gcc 2.0.3 191.44 NOTE
r-devel-windows-ix86+x86_64 2.0.3 44.00 154.00 198.00 OK
r-patched-linux-x86_64 2.0.3 20.32 132.68 153.00 OK
r-patched-solaris-x86 2.0.3 276.90 NOTE
r-release-linux-x86_64 2.0.3 20.75 132.60 153.35 OK
r-release-windows-ix86+x86_64 2.0.3 73.00 157.00 230.00 OK
r-release-osx-x86_64 2.0.3 NOTE
r-oldrel-windows-ix86+x86_64 2.0.3 42.00 207.00 249.00 OK
r-oldrel-osx-x86_64 2.0.3 NOTE

Check Details

Version: 2.0.3
Check: dependencies in R code
Result: NOTE
    Namespaces in Imports field not imported from:
     ‘data.tree’ ‘penalized’
     All declared Imports should be used.
Flavors: r-devel-linux-x86_64-fedora-clang, r-devel-linux-x86_64-fedora-gcc, r-patched-solaris-x86, r-release-osx-x86_64, r-oldrel-osx-x86_64