CRAN Package Check Results for Package RSDA

Last updated on 2019-07-16 00:48:24 CEST.

Flavor Version Tinstall Tcheck Ttotal Status Flags
r-devel-linux-x86_64-debian-clang 2.0.8 17.88 139.42 157.30 NOTE
r-devel-linux-x86_64-debian-gcc 2.0.8 15.94 108.21 124.15 NOTE
r-devel-linux-x86_64-fedora-clang 2.0.8 183.74 NOTE
r-devel-linux-x86_64-fedora-gcc 2.0.8 178.29 NOTE
r-devel-windows-ix86+x86_64 2.0.8 47.00 212.00 259.00 OK
r-patched-linux-x86_64 2.0.8 18.08 138.13 156.21 OK
r-patched-solaris-x86 2.0.8 269.80 NOTE
r-release-linux-x86_64 2.0.8 15.10 135.55 150.65 OK
r-release-windows-ix86+x86_64 2.0.8 38.00 261.00 299.00 OK
r-release-osx-x86_64 2.0.8 NOTE
r-oldrel-windows-ix86+x86_64 2.0.8 36.00 194.00 230.00 OK
r-oldrel-osx-x86_64 2.0.8 NOTE

Check Details

Version: 2.0.8
Check: for non-standard things in the check directory
Result: NOTE
    Found the following files/directories:
     'temp4.csv'
Flavors: r-devel-linux-x86_64-debian-clang, r-devel-linux-x86_64-debian-gcc, r-devel-linux-x86_64-fedora-clang, r-devel-linux-x86_64-fedora-gcc

Version: 2.0.8
Check: dependencies in R code
Result: NOTE
    Namespace in Imports field not imported from: ‘randomcoloR’
     All declared Imports should be used.
Flavors: r-devel-linux-x86_64-fedora-clang, r-devel-linux-x86_64-fedora-gcc, r-patched-solaris-x86, r-release-osx-x86_64, r-oldrel-osx-x86_64