CRAN Package Check Results for Package RSDA

Last updated on 2019-10-20 00:47:41 CEST.

Flavor Version Tinstall Tcheck Ttotal Status Flags
r-devel-linux-x86_64-debian-clang 2.0.8 18.36 137.34 155.70 NOTE
r-devel-linux-x86_64-debian-gcc 2.0.8 15.19 106.03 121.22 NOTE
r-devel-linux-x86_64-fedora-clang 2.0.8 202.65 NOTE
r-devel-linux-x86_64-fedora-gcc 2.0.8 183.74 NOTE
r-devel-windows-ix86+x86_64 2.0.8 39.00 160.00 199.00 OK
r-patched-linux-x86_64 2.0.8 17.70 131.74 149.44 OK
r-patched-solaris-x86 2.0.8 266.00 NOTE
r-release-linux-x86_64 2.0.8 15.25 132.57 147.82 OK
r-release-windows-ix86+x86_64 2.0.8 34.00 167.00 201.00 OK
r-release-osx-x86_64 2.0.8 NOTE
r-oldrel-windows-ix86+x86_64 2.0.8 26.00 125.00 151.00 OK
r-oldrel-osx-x86_64 2.0.8 NOTE

Check Details

Version: 2.0.8
Check: for non-standard things in the check directory
Result: NOTE
    Found the following files/directories:
     'temp4.csv'
Flavors: r-devel-linux-x86_64-debian-clang, r-devel-linux-x86_64-debian-gcc, r-devel-linux-x86_64-fedora-clang, r-devel-linux-x86_64-fedora-gcc

Version: 2.0.8
Check: dependencies in R code
Result: NOTE
    Namespace in Imports field not imported from: ‘randomcoloR’
     All declared Imports should be used.
Flavors: r-devel-linux-x86_64-fedora-clang, r-devel-linux-x86_64-fedora-gcc, r-patched-solaris-x86, r-release-osx-x86_64, r-oldrel-osx-x86_64