CRAN Package Check Results for Package RSPS

Last updated on 2019-08-19 00:46:33 CEST.

Flavor Version Tinstall Tcheck Ttotal Status Flags
r-devel-linux-x86_64-debian-clang 1.0 2.68 31.74 34.42 NOTE
r-devel-linux-x86_64-debian-gcc 1.0 2.29 25.00 27.29 NOTE
r-devel-linux-x86_64-fedora-clang 1.0 42.29 NOTE
r-devel-linux-x86_64-fedora-gcc 1.0 40.60 NOTE
r-devel-windows-ix86+x86_64 1.0 12.00 63.00 75.00 NOTE
r-patched-linux-x86_64 1.0 2.63 31.26 33.89 NOTE
r-patched-solaris-x86 1.0 64.80 NOTE
r-release-linux-x86_64 1.0 2.73 31.14 33.87 NOTE
r-release-windows-ix86+x86_64 1.0 5.00 42.00 47.00 NOTE
r-release-osx-x86_64 1.0 NOTE
r-oldrel-windows-ix86+x86_64 1.0 6.00 59.00 65.00 NOTE
r-oldrel-osx-x86_64 1.0 NOTE

Check Details

Version: 1.0
Check: R code for possible problems
Result: NOTE
    negbin.pow : negbin.disp: no visible global function definition for
     'rpois'
    negbin.pow : negbin.disp: no visible global function definition for
     'rnbinom'
    negbin.pow : inner.fcn: no visible global function definition for
     'na.omit'
    negbin.pow : inner.fcn: no visible global function definition for
     'quantile'
    negbin.pow: no visible global function definition for 'txtProgressBar'
    negbin.pow: no visible global function definition for
     'setTxtProgressBar'
    poiss.pow : inner.fcn: no visible global function definition for
     'rpois'
    poiss.pow : inner.fcn: no visible global function definition for
     'quantile'
    poiss.pow: no visible global function definition for 'txtProgressBar'
    poiss.pow: no visible global function definition for
     'setTxtProgressBar'
    Undefined global functions or variables:
     na.omit quantile rnbinom rpois setTxtProgressBar txtProgressBar
    Consider adding
     importFrom("stats", "na.omit", "quantile", "rnbinom", "rpois")
     importFrom("utils", "setTxtProgressBar", "txtProgressBar")
    to your NAMESPACE file.
Flavors: r-devel-linux-x86_64-debian-clang, r-devel-linux-x86_64-debian-gcc, r-devel-linux-x86_64-fedora-clang, r-devel-linux-x86_64-fedora-gcc, r-devel-windows-ix86+x86_64, r-patched-linux-x86_64, r-patched-solaris-x86, r-release-linux-x86_64, r-release-windows-ix86+x86_64, r-release-osx-x86_64, r-oldrel-windows-ix86+x86_64, r-oldrel-osx-x86_64