CRAN Package Check Results for Package RSvgDevice

Last updated on 2019-09-16 00:47:52 CEST.

Flavor Version Tinstall Tcheck Ttotal Status Flags
r-devel-linux-x86_64-debian-clang 0.6.4.4 2.16 15.86 18.02 NOTE
r-devel-linux-x86_64-debian-gcc 0.6.4.4 1.81 12.53 14.34 NOTE
r-devel-linux-x86_64-fedora-clang 0.6.4.4 22.62 NOTE
r-devel-linux-x86_64-fedora-gcc 0.6.4.4 21.72 NOTE
r-patched-linux-x86_64 0.6.4.4 1.81 16.01 17.82 NOTE
r-patched-solaris-x86 0.6.4.4 33.60 NOTE
r-release-linux-x86_64 0.6.4.4 1.76 15.96 17.72 NOTE
r-release-osx-x86_64 0.6.4.4 NOTE
r-oldrel-osx-x86_64 0.6.4.4 NOTE

Check Details

Version: 0.6.4.4
Check: DESCRIPTION meta-information
Result: NOTE
    Malformed Title field: should not end in a period.
Flavors: r-devel-linux-x86_64-debian-clang, r-devel-linux-x86_64-debian-gcc, r-devel-linux-x86_64-fedora-clang, r-devel-linux-x86_64-fedora-gcc, r-patched-linux-x86_64, r-patched-solaris-x86, r-release-linux-x86_64, r-release-osx-x86_64, r-oldrel-osx-x86_64

Version: 0.6.4.4
Check: for non-standard things in the check directory
Result: NOTE
    Found the following files/directories:
     'Rplots.svg'
Flavors: r-devel-linux-x86_64-debian-clang, r-devel-linux-x86_64-debian-gcc, r-devel-linux-x86_64-fedora-clang, r-devel-linux-x86_64-fedora-gcc

Version: 0.6.4.4
Check: compiled code
Result: NOTE
    File ‘RSvgDevice/libs/RSvgDevice.so’:
     Found no calls to: ‘R_registerRoutines’, ‘R_useDynamicSymbols’
    
    It is good practice to register native routines and to disable symbol
    search.
    
    See ‘Writing portable packages’ in the ‘Writing R Extensions’ manual.
Flavors: r-devel-linux-x86_64-fedora-clang, r-devel-linux-x86_64-fedora-gcc