CRAN Package Check Results for Package RTest

Last updated on 2019-07-16 00:48:25 CEST.

Flavor Version Tinstall Tcheck Ttotal Status Flags
r-devel-linux-x86_64-debian-clang 1.2.4 14.77 93.72 108.49 OK
r-devel-linux-x86_64-debian-gcc 1.2.4 10.92 74.57 85.49 OK
r-devel-linux-x86_64-fedora-clang 1.2.4 138.91 OK
r-devel-linux-x86_64-fedora-gcc 1.2.4 128.45 OK
r-devel-windows-ix86+x86_64 1.2.4 26.00 170.00 196.00 OK
r-patched-linux-x86_64 1.2.4 14.21 94.51 108.72 OK
r-patched-solaris-x86 1.2.4 225.90 OK
r-release-linux-x86_64 1.2.4 13.46 93.76 107.22 OK
r-release-windows-ix86+x86_64 1.2.4 22.00 219.00 241.00 OK
r-release-osx-x86_64 1.2.4 ERROR
r-oldrel-windows-ix86+x86_64 1.2.4 21.00 136.00 157.00 OK
r-oldrel-osx-x86_64 1.2.4 ERROR

Check Details

Version: 1.2.4
Check: tests
Result: ERROR
     Running ‘run_test.R’ [8s/8s]
    Running the tests in ‘tests/run_test.R’ failed.
    Complete output:
     > all_files <- list.files("testthat",full.names=T,pattern="*.R$")
     >
     > sapply(all_files,source)
     Loading required package: magick
     Linking to ImageMagick 6.9.9.39
     Enabled features: cairo, fontconfig, freetype, lcms, pango, rsvg, webp
     Disabled features: fftw, ghostscript, x11
     Loading required package: XML
     Error: Test failed: 'RTestCollection write HTML summary errors'
     * `writeExecSummary.html(...)` produced warnings.
     * `writeExecSummary.html(...)` produced warnings.
     Execution halted
Flavors: r-release-osx-x86_64, r-oldrel-osx-x86_64