CRAN Package Check Results for Package RWiener

Last updated on 2019-07-16 00:48:25 CEST.

Flavor Version Tinstall Tcheck Ttotal Status Flags
r-devel-linux-x86_64-debian-clang 1.3-1 4.13 46.04 50.17 WARN
r-devel-linux-x86_64-debian-gcc 1.3-1 3.50 34.41 37.91 OK
r-devel-linux-x86_64-fedora-clang 1.3-1 57.82 WARN
r-devel-linux-x86_64-fedora-gcc 1.3-1 56.69 OK
r-devel-windows-ix86+x86_64 1.3-1 36.00 79.00 115.00 OK
r-patched-linux-x86_64 1.3-1 4.72 45.75 50.47 OK
r-patched-solaris-x86 1.3-1 75.10 OK
r-release-linux-x86_64 1.3-1 3.94 45.40 49.34 OK
r-release-windows-ix86+x86_64 1.3-1 12.00 103.00 115.00 OK
r-release-osx-x86_64 1.3-1 WARN
r-oldrel-windows-ix86+x86_64 1.3-1 16.00 76.00 92.00 OK
r-oldrel-osx-x86_64 1.3-1 WARN

Check Details

Version: 1.3-1
Check: whether package can be installed
Result: WARN
    Found the following significant warnings:
     qwiener.c:60:12: warning: explicitly assigning value of variable of type 'double' to itself [-Wself-assign]
     qwiener.c:69:12: warning: explicitly assigning value of variable of type 'double' to itself [-Wself-assign]
Flavors: r-devel-linux-x86_64-debian-clang, r-devel-linux-x86_64-fedora-clang, r-release-osx-x86_64, r-oldrel-osx-x86_64