CRAN Package Check Results for Package RWiener

Last updated on 2019-10-22 00:52:34 CEST.

Flavor Version Tinstall Tcheck Ttotal Status Flags
r-devel-linux-x86_64-debian-clang 1.3-1 5.34 45.69 51.03 WARN
r-devel-linux-x86_64-debian-gcc 1.3-1 3.63 33.26 36.89 OK
r-devel-linux-x86_64-fedora-clang 1.3-1 60.24 WARN
r-devel-linux-x86_64-fedora-gcc 1.3-1 57.19 OK
r-devel-windows-ix86+x86_64 1.3-1 20.00 82.00 102.00 OK
r-patched-linux-x86_64 1.3-1 4.08 44.58 48.66 OK
r-patched-solaris-x86 1.3-1 73.30 OK
r-release-linux-x86_64 1.3-1 3.99 44.89 48.88 OK
r-release-windows-ix86+x86_64 1.3-1 21.00 84.00 105.00 OK
r-release-osx-x86_64 1.3-1 WARN
r-oldrel-windows-ix86+x86_64 1.3-1 10.00 81.00 91.00 OK
r-oldrel-osx-x86_64 1.3-1 WARN

Check Details

Version: 1.3-1
Check: whether package can be installed
Result: WARN
    Found the following significant warnings:
     qwiener.c:60:12: warning: explicitly assigning value of variable of type 'double' to itself [-Wself-assign]
     qwiener.c:69:12: warning: explicitly assigning value of variable of type 'double' to itself [-Wself-assign]
Flavors: r-devel-linux-x86_64-debian-clang, r-devel-linux-x86_64-fedora-clang, r-release-osx-x86_64, r-oldrel-osx-x86_64