CRAN Package Check Results for Package Rankcluster

Last updated on 2019-10-22 00:52:32 CEST.

Flavor Version Tinstall Tcheck Ttotal Status Flags
r-devel-linux-x86_64-debian-clang 0.94.1 57.27 38.49 95.76 OK
r-devel-linux-x86_64-debian-gcc 0.94.1 45.65 31.42 77.07 OK
r-devel-linux-x86_64-fedora-clang 0.94.1 131.54 NOTE
r-devel-linux-x86_64-fedora-gcc 0.94.1 131.02 OK
r-devel-windows-ix86+x86_64 0.94.1 85.00 72.00 157.00 OK
r-patched-linux-x86_64 0.94.1 48.61 38.60 87.21 OK
r-patched-solaris-x86 0.94.1 135.30 OK
r-release-linux-x86_64 0.94.1 48.44 38.29 86.73 OK
r-release-windows-ix86+x86_64 0.94.1 113.00 78.00 191.00 OK
r-release-osx-x86_64 0.94.1 OK
r-oldrel-windows-ix86+x86_64 0.94.1 84.00 70.00 154.00 OK
r-oldrel-osx-x86_64 0.94.1 OK

Check Details

Version: 0.94.1
Check: installed package size
Result: NOTE
     installed size is 5.5Mb
     sub-directories of 1Mb or more:
     libs 4.8Mb
Flavor: r-devel-linux-x86_64-fedora-clang