CRAN Package Check Results for Package Rankcluster

Last updated on 2019-07-16 00:48:22 CEST.

Flavor Version Tinstall Tcheck Ttotal Status Flags
r-devel-linux-x86_64-debian-clang 0.94 47.07 38.78 85.85 NOTE
r-devel-linux-x86_64-debian-gcc 0.94 44.33 31.73 76.06 NOTE
r-devel-linux-x86_64-fedora-clang 0.94 127.32 NOTE
r-devel-linux-x86_64-fedora-gcc 0.94 128.44 NOTE
r-devel-windows-ix86+x86_64 0.94 129.00 75.00 204.00 OK
r-patched-linux-x86_64 0.94 50.55 39.13 89.68 NOTE
r-patched-solaris-x86 0.94 142.40 OK
r-release-linux-x86_64 0.94 48.54 39.44 87.98 NOTE
r-release-windows-ix86+x86_64 0.94 82.00 106.00 188.00 OK
r-release-osx-x86_64 0.94 OK
r-oldrel-windows-ix86+x86_64 0.94 124.00 74.00 198.00 OK
r-oldrel-osx-x86_64 0.94 OK

Check Details

Version: 0.94
Check: use of SHLIB_OPENMP_*FLAGS in Makefiles
Result: NOTE
     src/Makevars: SHLIB_OPENMP_CXXFLAGS is included in PKG_LIBS but not in PKG_CXXFLAGS
     src/Makevars.win: SHLIB_OPENMP_CXXFLAGS is included in PKG_LIBS but not in PKG_CXXFLAGS
    Use of these macros is discussed in sect 1.2.1.1 of 'Writing R
    Extensions'. The macros for different languages may differ so the
    matching macro must be used in PKG_CXXFLAGS (etc) and match that used
    in PKG_LIBS (except for Fortran: see the manual).
Flavors: r-devel-linux-x86_64-debian-clang, r-devel-linux-x86_64-debian-gcc, r-devel-linux-x86_64-fedora-clang, r-devel-linux-x86_64-fedora-gcc, r-patched-linux-x86_64, r-release-linux-x86_64

Version: 0.94
Check: installed package size
Result: NOTE
     installed size is 5.0Mb
     sub-directories of 1Mb or more:
     libs 4.3Mb
Flavor: r-devel-linux-x86_64-fedora-clang

Version: 0.94
Check: compiled code
Result: NOTE
    File ‘Rankcluster/libs/Rankcluster.so’:
     Found no calls to: ‘R_registerRoutines’, ‘R_useDynamicSymbols’
    
    It is good practice to register native routines and to disable symbol
    search.
    
    See ‘Writing portable packages’ in the ‘Writing R Extensions’ manual.
Flavors: r-devel-linux-x86_64-fedora-clang, r-devel-linux-x86_64-fedora-gcc