CRAN Package Check Results for Package RaschSampler

Last updated on 2019-06-26 00:47:44 CEST.

Flavor Version Tinstall Tcheck Ttotal Status Flags
r-devel-linux-x86_64-debian-clang 0.8-8 3.37 21.51 24.88 OK
r-devel-linux-x86_64-debian-gcc 0.8-8 2.75 17.37 20.12 OK
r-devel-linux-x86_64-fedora-clang 0.8-8 30.68 NOTE
r-devel-linux-x86_64-fedora-gcc 0.8-8 29.72 NOTE
r-devel-windows-ix86+x86_64 0.8-8 20.00 57.00 77.00 OK
r-patched-linux-x86_64 0.8-8 3.14 21.44 24.58 OK
r-patched-solaris-x86 0.8-8 49.40 OK
r-release-linux-x86_64 0.8-8 3.05 21.51 24.56 OK
r-release-windows-ix86+x86_64 0.8-8 10.00 58.00 68.00 OK
r-release-osx-x86_64 0.8-8 OK
r-oldrel-windows-ix86+x86_64 0.8-8 8.00 38.00 46.00 OK
r-oldrel-osx-x86_64 0.8-8 OK

Check Details

Version: 0.8-8
Check: compiled code
Result: NOTE
    File ‘RaschSampler/libs/RaschSampler.so’:
     Found no calls to: ‘R_registerRoutines’, ‘R_useDynamicSymbols’
    
    It is good practice to register native routines and to disable symbol
    search.
    
    See ‘Writing portable packages’ in the ‘Writing R Extensions’ manual.
Flavors: r-devel-linux-x86_64-fedora-clang, r-devel-linux-x86_64-fedora-gcc