CRAN Package Check Results for Package Rblpapi

Last updated on 2019-06-25 00:52:29 CEST.

Flavor Version Tinstall Tcheck Ttotal Status Flags
r-devel-linux-x86_64-debian-clang 0.3.10 120.32 28.19 148.51 NOTE
r-devel-linux-x86_64-debian-gcc 0.3.10 98.72 23.14 121.86 NOTE
r-devel-linux-x86_64-fedora-clang 0.3.10 239.16 NOTE
r-devel-linux-x86_64-fedora-gcc 0.3.10 216.37 NOTE
r-devel-windows-ix86+x86_64 0.3.10 373.00 179.00 552.00 NOTE
r-patched-linux-x86_64 0.3.10 122.77 28.15 150.92 NOTE
r-release-linux-x86_64 0.3.10 120.27 28.53 148.80 NOTE
r-release-windows-ix86+x86_64 0.3.10 283.00 180.00 463.00 NOTE
r-release-osx-x86_64 0.3.10 NOTE
r-oldrel-windows-ix86+x86_64 0.3.10 338.00 131.00 469.00 NOTE
r-oldrel-osx-x86_64 0.3.10 NOTE

Check Details

Version: 0.3.10
Check: whether package can be installed
Result: NOTE
    Found the following notes/warnings:
     Non-staged installation was used
Flavors: r-devel-linux-x86_64-debian-clang, r-devel-linux-x86_64-debian-gcc, r-devel-linux-x86_64-fedora-clang, r-devel-linux-x86_64-fedora-gcc, r-devel-windows-ix86+x86_64, r-patched-linux-x86_64, r-release-linux-x86_64, r-release-windows-ix86+x86_64, r-release-osx-x86_64

Version: 0.3.10
Check: installed package size
Result: NOTE
     installed size is 14.8Mb
     sub-directories of 1Mb or more:
     blp 7.1Mb
     libs 6.7Mb
Flavors: r-devel-linux-x86_64-fedora-clang, r-devel-windows-ix86+x86_64, r-release-windows-ix86+x86_64, r-release-osx-x86_64, r-oldrel-windows-ix86+x86_64, r-oldrel-osx-x86_64