CRAN Package Check Results for Package RcmdrPlugin.temis

Last updated on 2019-07-16 00:48:22 CEST.

Flavor Version Tinstall Tcheck Ttotal Status Flags
r-devel-linux-x86_64-debian-clang 0.7.10 23.49 140.55 164.04 NOTE
r-devel-linux-x86_64-debian-gcc 0.7.10 18.78 107.59 126.37 NOTE
r-devel-linux-x86_64-fedora-clang 0.7.10 196.09 NOTE
r-devel-linux-x86_64-fedora-gcc 0.7.10 194.69 NOTE
r-devel-windows-ix86+x86_64 0.7.10 70.00 255.00 325.00 NOTE
r-patched-linux-x86_64 0.7.10 23.57 136.33 159.90 NOTE
r-patched-solaris-x86 0.7.10 311.50 NOTE
r-release-linux-x86_64 0.7.10 23.31 136.46 159.77 NOTE
r-release-windows-ix86+x86_64 0.7.10 43.00 232.00 275.00 NOTE
r-release-osx-x86_64 0.7.10 NOTE
r-oldrel-windows-ix86+x86_64 0.7.10 52.00 154.00 206.00 NOTE
r-oldrel-osx-x86_64 0.7.10 NOTE

Check Details

Version: 0.7.10
Check: package dependencies
Result: NOTE
    Package suggested but not available for checking: 'ROpenOffice'
Flavors: r-devel-linux-x86_64-debian-clang, r-devel-linux-x86_64-debian-gcc, r-devel-linux-x86_64-fedora-clang, r-devel-linux-x86_64-fedora-gcc, r-devel-windows-ix86+x86_64, r-patched-linux-x86_64, r-patched-solaris-x86, r-release-linux-x86_64, r-release-windows-ix86+x86_64, r-release-osx-x86_64, r-oldrel-windows-ix86+x86_64, r-oldrel-osx-x86_64