CRAN Package Check Results for Package RcmdrPlugin.temis

Last updated on 2019-10-22 00:52:32 CEST.

Flavor Version Tinstall Tcheck Ttotal Status Flags
r-devel-linux-x86_64-debian-clang 0.7.10 23.31 138.15 161.46 NOTE
r-devel-linux-x86_64-debian-gcc 0.7.10 18.88 106.31 125.19 NOTE
r-devel-linux-x86_64-fedora-clang 0.7.10 219.63 NOTE
r-devel-linux-x86_64-fedora-gcc 0.7.10 194.91 NOTE
r-devel-windows-ix86+x86_64 0.7.10 51.00 149.00 200.00 NOTE
r-patched-linux-x86_64 0.7.10 22.12 135.37 157.49 NOTE
r-patched-solaris-x86 0.7.10 272.10 NOTE
r-release-linux-x86_64 0.7.10 23.02 136.45 159.47 NOTE
r-release-windows-ix86+x86_64 0.7.10 74.00 134.00 208.00 NOTE
r-release-osx-x86_64 0.7.10 NOTE
r-oldrel-windows-ix86+x86_64 0.7.10 39.00 151.00 190.00 NOTE
r-oldrel-osx-x86_64 0.7.10 NOTE

Check Details

Version: 0.7.10
Check: package dependencies
Result: NOTE
    Package suggested but not available for checking: 'ROpenOffice'
Flavors: r-devel-linux-x86_64-debian-clang, r-devel-linux-x86_64-debian-gcc, r-devel-linux-x86_64-fedora-clang, r-devel-linux-x86_64-fedora-gcc, r-devel-windows-ix86+x86_64, r-patched-linux-x86_64, r-patched-solaris-x86, r-release-linux-x86_64, r-release-windows-ix86+x86_64, r-release-osx-x86_64, r-oldrel-windows-ix86+x86_64, r-oldrel-osx-x86_64