CRAN Package Check Results for Package Rcplex

Last updated on 2019-08-26 00:47:33 CEST.

Flavor Version Tinstall Tcheck Ttotal Status Flags
r-devel-linux-x86_64-debian-clang 0.3-3 2.26 22.50 24.76 OK --no-examples --no-tests --no-vignettes
r-devel-linux-x86_64-debian-gcc 0.3-3 1.90 17.83 19.73 OK --no-examples --no-tests --no-vignettes
r-devel-windows-ix86+x86_64 0.3-3 1.00 7.00 8.00 ERROR
r-patched-linux-x86_64 0.3-3 2.05 21.95 24.00 OK --no-examples --no-tests --no-vignettes
r-release-linux-x86_64 0.3-3 1.99 21.97 23.96 OK --no-examples --no-tests --no-vignettes
r-release-osx-x86_64 0.3-3 ERROR
r-oldrel-windows-ix86+x86_64 0.3-3 1.00 4.00 5.00 ERROR
r-oldrel-osx-x86_64 0.3-3 ERROR

Check Details

Version: 0.3-3
Check: whether package can be installed
Result: ERROR
    Installation failed.
Flavors: r-devel-windows-ix86+x86_64, r-release-osx-x86_64, r-oldrel-windows-ix86+x86_64, r-oldrel-osx-x86_64