CRAN Package Check Results for Package RcppHMM

Last updated on 2019-10-23 00:48:01 CEST.

Flavor Version Tinstall Tcheck Ttotal Status Flags
r-devel-linux-x86_64-debian-clang 1.2.2 84.70 25.15 109.85 OK
r-devel-linux-x86_64-debian-gcc 1.2.2 67.28 19.78 87.06 OK
r-devel-linux-x86_64-fedora-clang 1.2.2 159.78 NOTE
r-devel-linux-x86_64-fedora-gcc 1.2.2 158.38 OK
r-devel-windows-ix86+x86_64 1.2.2 220.00 65.00 285.00 OK
r-patched-linux-x86_64 1.2.2 73.73 24.50 98.23 OK
r-patched-solaris-x86 1.2.2 151.40 OK
r-release-linux-x86_64 1.2.2 74.58 24.41 98.99 OK
r-release-windows-ix86+x86_64 1.2.2 209.00 65.00 274.00 OK
r-release-osx-x86_64 1.2.2 OK
r-oldrel-windows-ix86+x86_64 1.2.2 207.00 96.00 303.00 OK
r-oldrel-osx-x86_64 1.2.2 OK

Check Details

Version: 1.2.2
Check: installed package size
Result: NOTE
     installed size is 5.2Mb
     sub-directories of 1Mb or more:
     libs 5.0Mb
Flavor: r-devel-linux-x86_64-fedora-clang