CRAN Package Check Results for Package RcppHNSW

Last updated on 2020-02-24 00:48:51 CET.

Flavor Version Tinstall Tcheck Ttotal Status Flags
r-devel-linux-x86_64-debian-clang 0.2.0 30.52 44.27 74.79 OK
r-devel-linux-x86_64-debian-gcc 0.2.0 OK
r-devel-linux-x86_64-fedora-clang 0.2.0 99.20 OK
r-devel-linux-x86_64-fedora-gcc 0.2.0 100.62 OK
r-devel-windows-ix86+x86_64 0.2.0 54.00 90.00 144.00 OK
r-devel-windows-ix86+x86_64-gcc8 0.2.0 83.00 119.00 202.00 OK
r-patched-linux-x86_64 0.2.0 OK
r-patched-solaris-x86 0.2.0 105.00 OK
r-release-linux-x86_64 0.2.0 27.90 38.12 66.02 OK
r-release-windows-ix86+x86_64 0.2.0 54.00 85.00 139.00 OK
r-release-osx-x86_64 0.2.0 NOTE
r-oldrel-windows-ix86+x86_64 0.2.0 72.00 82.00 154.00 OK
r-oldrel-osx-x86_64 0.2.0 OK

Check Details

Version: 0.2.0
Check: installed package size
Result: NOTE
     installed size is 5.0Mb
     sub-directories of 1Mb or more:
     libs 4.8Mb
Flavor: r-release-osx-x86_64