CRAN Package Check Results for Package RcppMLPACK

Last updated on 2019-12-16 00:49:07 CET.

Flavor Version Tinstall Tcheck Ttotal Status Flags
r-devel-linux-x86_64-debian-clang 1.0.10-6 463.91 30.35 494.26 OK
r-devel-linux-x86_64-debian-gcc 1.0.10-6 303.67 46.30 349.97 OK
r-devel-linux-x86_64-fedora-clang 1.0.10-6 674.25 NOTE
r-devel-linux-x86_64-fedora-gcc 1.0.10-6 675.57 NOTE
r-devel-windows-ix86+x86_64 1.0.10-6 745.00 100.00 845.00 NOTE
r-devel-windows-ix86+x86_64-gcc8 1.0.10-6 780.00 94.00 874.00 NOTE
r-patched-linux-x86_64 1.0.10-6 338.33 49.08 387.41 OK
r-patched-solaris-x86 1.0.10-6 572.50 NOTE
r-release-linux-x86_64 1.0.10-6 342.89 49.60 392.49 OK
r-release-windows-ix86+x86_64 1.0.10-6 721.00 74.00 795.00 NOTE
r-release-osx-x86_64 1.0.10-6 WARN
r-oldrel-windows-ix86+x86_64 1.0.10-6 767.00 64.00 831.00 NOTE
r-oldrel-osx-x86_64 1.0.10-6 NOTE

Check Details

Version: 1.0.10-6
Check: installed package size
Result: NOTE
     installed size is 57.3Mb
     sub-directories of 1Mb or more:
     include 1.9Mb
     lib 43.3Mb
     libs 11.9Mb
Flavors: r-devel-linux-x86_64-fedora-clang, r-devel-windows-ix86+x86_64, r-devel-windows-ix86+x86_64-gcc8, r-patched-solaris-x86, r-release-windows-ix86+x86_64, r-release-osx-x86_64, r-oldrel-windows-ix86+x86_64, r-oldrel-osx-x86_64

Version: 1.0.10-6
Check: compiled code
Result: NOTE
    File ‘RcppMLPACK/libs/RcppMLPACK.so’:
     Found no calls to: ‘R_registerRoutines’, ‘R_useDynamicSymbols’
    
    It is good practice to register native routines and to disable symbol
    search.
    
    See ‘Writing portable packages’ in the ‘Writing R Extensions’ manual.
Flavors: r-devel-linux-x86_64-fedora-clang, r-devel-linux-x86_64-fedora-gcc

Version: 1.0.10-6
Check: whether package can be installed
Result: WARN
    Found the following significant warnings:
     WARNING: shared objects/dynamic libraries with hard-coded temporary installation paths
Flavor: r-release-osx-x86_64