CRAN Package Check Results for Package RcppMLPACK

Last updated on 2019-07-24 00:47:41 CEST.

Flavor Version Tinstall Tcheck Ttotal Status Flags
r-devel-linux-x86_64-debian-clang 1.0.10-6 374.86 29.87 404.73 OK
r-devel-linux-x86_64-debian-gcc 1.0.10-6 284.59 39.78 324.37 OK
r-devel-linux-x86_64-fedora-clang 1.0.10-6 681.89 NOTE
r-devel-linux-x86_64-fedora-gcc 1.0.10-6 662.40 NOTE
r-devel-windows-ix86+x86_64 1.0.10-6 683.00 91.00 774.00 NOTE
r-patched-linux-x86_64 1.0.10-6 344.81 50.69 395.50 OK
r-patched-solaris-x86 1.0.10-6 578.10 NOTE
r-release-linux-x86_64 1.0.10-6 353.03 50.85 403.88 OK
r-release-windows-ix86+x86_64 1.0.10-6 783.00 69.00 852.00 NOTE
r-release-osx-x86_64 1.0.10-6 WARN
r-oldrel-windows-ix86+x86_64 1.0.10-6 954.00 91.00 1045.00 NOTE
r-oldrel-osx-x86_64 1.0.10-6 NOTE

Check Details

Version: 1.0.10-6
Check: installed package size
Result: NOTE
     installed size is 53.9Mb
     sub-directories of 1Mb or more:
     include 1.9Mb
     lib 40.6Mb
     libs 11.1Mb
Flavors: r-devel-linux-x86_64-fedora-clang, r-devel-windows-ix86+x86_64, r-patched-solaris-x86, r-release-windows-ix86+x86_64, r-release-osx-x86_64, r-oldrel-windows-ix86+x86_64, r-oldrel-osx-x86_64

Version: 1.0.10-6
Check: compiled code
Result: NOTE
    File ‘RcppMLPACK/libs/RcppMLPACK.so’:
     Found no calls to: ‘R_registerRoutines’, ‘R_useDynamicSymbols’
    
    It is good practice to register native routines and to disable symbol
    search.
    
    See ‘Writing portable packages’ in the ‘Writing R Extensions’ manual.
Flavors: r-devel-linux-x86_64-fedora-clang, r-devel-linux-x86_64-fedora-gcc

Version: 1.0.10-6
Check: whether package can be installed
Result: WARN
    Found the following significant warnings:
     WARNING: shared objects/dynamic libraries with hard-coded temporary installation paths
Flavor: r-release-osx-x86_64