CRAN Package Check Results for Package RcppParallel

Last updated on 2019-07-16 00:48:22 CEST.

Flavor Version Tinstall Tcheck Ttotal Status Flags
r-devel-linux-x86_64-debian-clang 4.4.3 33.40 68.66 102.06 NOTE
r-devel-linux-x86_64-debian-gcc 4.4.3 43.86 48.86 92.72 NOTE
r-devel-linux-x86_64-fedora-clang 4.4.3 142.02 NOTE
r-devel-linux-x86_64-fedora-gcc 4.4.3 161.80 NOTE
r-devel-windows-ix86+x86_64 4.4.3 286.00 190.00 476.00 NOTE
r-patched-linux-x86_64 4.4.3 56.86 65.55 122.41 NOTE
r-patched-solaris-x86 4.4.3 224.80 NOTE
r-release-linux-x86_64 4.4.3 57.21 64.02 121.23 NOTE
r-release-windows-ix86+x86_64 4.4.3 208.00 181.00 389.00 NOTE
r-release-osx-x86_64 4.4.3 NOTE
r-oldrel-windows-ix86+x86_64 4.4.3 448.00 148.00 596.00 NOTE
r-oldrel-osx-x86_64 4.4.3 NOTE

Additional issues

clang-UBSAN gcc-UBSAN

Check Details

Version: 4.4.3
Check: for GNU extensions in Makefiles
Result: NOTE
    GNU make is a SystemRequirements.
Flavors: r-devel-linux-x86_64-debian-clang, r-devel-linux-x86_64-debian-gcc, r-devel-linux-x86_64-fedora-clang, r-devel-linux-x86_64-fedora-gcc, r-devel-windows-ix86+x86_64, r-patched-linux-x86_64, r-patched-solaris-x86, r-release-linux-x86_64, r-release-windows-ix86+x86_64, r-release-osx-x86_64, r-oldrel-windows-ix86+x86_64, r-oldrel-osx-x86_64

Version: 4.4.3
Check: compilation flags used
Result: NOTE
    Compilation used the following non-portable flag(s):
     ‘-mrtm’
Flavors: r-devel-linux-x86_64-debian-gcc, r-devel-linux-x86_64-fedora-gcc, r-patched-linux-x86_64, r-release-linux-x86_64

Version: 4.4.3
Check: installed package size
Result: NOTE
     installed size is 11.9Mb
     sub-directories of 1Mb or more:
     include 1.9Mb
     lib 8.9Mb
     libs 1.0Mb
Flavors: r-devel-windows-ix86+x86_64, r-release-windows-ix86+x86_64, r-oldrel-windows-ix86+x86_64