CRAN Package Check Results for Package RcppParallel

Last updated on 2019-11-12 00:52:53 CET.

Flavor Version Tinstall Tcheck Ttotal Status Flags
r-devel-linux-x86_64-debian-clang 4.4.4 38.65 78.32 116.97 NOTE
r-devel-linux-x86_64-debian-gcc 4.4.4 46.52 48.78 95.30 NOTE
r-devel-linux-x86_64-fedora-clang 4.4.4 167.68 NOTE
r-devel-linux-x86_64-fedora-gcc 4.4.4 172.02 NOTE
r-devel-windows-ix86+x86_64 4.4.4 223.00 147.00 370.00 NOTE
r-patched-linux-x86_64 4.4.4 56.33 60.78 117.11 NOTE
r-patched-solaris-x86 4.4.4 215.40 NOTE
r-release-linux-x86_64 4.4.4 52.56 60.20 112.76 NOTE
r-release-windows-ix86+x86_64 4.4.4 381.00 138.00 519.00 NOTE
r-release-osx-x86_64 4.4.4 NOTE
r-oldrel-windows-ix86+x86_64 4.4.4 378.00 206.00 584.00 NOTE
r-oldrel-osx-x86_64 4.4.4 NOTE

Additional issues

clang-UBSAN gcc-UBSAN

Check Details

Version: 4.4.4
Check: for GNU extensions in Makefiles
Result: NOTE
    GNU make is a SystemRequirements.
Flavors: r-devel-linux-x86_64-debian-clang, r-devel-linux-x86_64-debian-gcc, r-devel-linux-x86_64-fedora-clang, r-devel-linux-x86_64-fedora-gcc, r-devel-windows-ix86+x86_64, r-patched-linux-x86_64, r-patched-solaris-x86, r-release-linux-x86_64, r-release-windows-ix86+x86_64, r-release-osx-x86_64, r-oldrel-windows-ix86+x86_64, r-oldrel-osx-x86_64

Version: 4.4.4
Check: installed package size
Result: NOTE
     installed size is 5.1Mb
     sub-directories of 1Mb or more:
     include 1.9Mb
     lib 2.8Mb
Flavors: r-devel-linux-x86_64-fedora-clang, r-devel-windows-ix86+x86_64, r-release-windows-ix86+x86_64, r-oldrel-windows-ix86+x86_64