CRAN Package Check Results for Package RcppTOML

Last updated on 2018-01-24 00:47:13 CET.

Flavor Version Tinstall Tcheck Ttotal Status Flags
r-devel-linux-x86_64-debian-clang 0.1.3 22.66 24.53 47.19 OK
r-devel-linux-x86_64-debian-gcc 0.1.3 15.88 19.55 35.43 OK
r-devel-linux-x86_64-fedora-clang 0.1.3 59.77 OK
r-devel-linux-x86_64-fedora-gcc 0.1.3 55.93 OK
r-devel-windows-ix86+x86_64 0.1.3 54.00 80.00 134.00 OK
r-patched-linux-x86_64 0.1.3 19.08 24.03 43.11 OK
r-patched-solaris-x86 0.1.3 69.00 OK
r-release-linux-x86_64 0.1.3 19.77 24.04 43.81 OK
r-release-windows-ix86+x86_64 0.1.3 46.00 87.00 133.00 OK
r-release-osx-x86_64 0.1.3 OK
r-oldrel-windows-ix86+x86_64 0.1.3 61.00 83.00 144.00 OK
r-oldrel-osx-x86_64 0.1.3 ERROR

Check Details

Version: 0.1.3
Check: whether package can be installed
Result: ERROR
    Installation failed.
Flavor: r-oldrel-osx-x86_64