CRAN Package Check Results for Package ReIns

Last updated on 2019-09-17 00:49:24 CEST.

Flavor Version Tinstall Tcheck Ttotal Status Flags
r-devel-linux-x86_64-debian-clang 1.0.8 57.11 152.24 209.35 OK
r-devel-linux-x86_64-debian-gcc 1.0.8 OK
r-devel-linux-x86_64-fedora-clang 1.0.8 274.75 OK
r-devel-linux-x86_64-fedora-gcc 1.0.8 267.92 OK
r-devel-windows-ix86+x86_64 1.0.8 165.00 246.00 411.00 OK
r-patched-linux-x86_64 1.0.8 55.40 150.59 205.99 OK
r-patched-solaris-x86 1.0.8 333.60 OK
r-release-linux-x86_64 1.0.8 56.05 155.30 211.35 OK
r-release-windows-ix86+x86_64 1.0.8 116.00 255.00 371.00 OK
r-release-osx-x86_64 1.0.8 NOTE
r-oldrel-windows-ix86+x86_64 1.0.8 148.00 232.00 380.00 OK
r-oldrel-osx-x86_64 1.0.8 OK

Check Details

Version: 1.0.8
Check: package dependencies
Result: NOTE
    Packages suggested but not available for checking: 'interval', 'Icens'
Flavor: r-release-osx-x86_64

Version: 1.0.8
Check: Rd cross-references
Result: NOTE
    Package unavailable to check Rd xrefs: ‘interval’
Flavor: r-release-osx-x86_64