CRAN Package Check Results for Package ReIns

Last updated on 2019-06-20 00:51:00 CEST.

Flavor Version Tinstall Tcheck Ttotal Status Flags
r-devel-linux-x86_64-debian-clang 1.0.8 56.06 157.01 213.07 OK
r-devel-linux-x86_64-debian-gcc 1.0.8 47.60 121.11 168.71 OK
r-devel-linux-x86_64-fedora-clang 1.0.8 279.21 OK
r-devel-linux-x86_64-fedora-gcc 1.0.8 262.34 OK
r-devel-windows-ix86+x86_64 1.0.8 161.00 336.00 497.00 OK
r-patched-linux-x86_64 1.0.8 56.41 157.15 213.56 OK
r-patched-solaris-x86 1.0.8 346.00 OK
r-release-linux-x86_64 1.0.8 55.17 156.45 211.62 OK
r-release-windows-ix86+x86_64 1.0.8 154.00 329.00 483.00 OK
r-release-osx-x86_64 1.0.8 NOTE
r-oldrel-windows-ix86+x86_64 1.0.8 100.00 293.00 393.00 OK
r-oldrel-osx-x86_64 1.0.8 OK

Check Details

Version: 1.0.8
Check: package dependencies
Result: NOTE
    Packages suggested but not available for checking: 'interval', 'Icens'
Flavor: r-release-osx-x86_64

Version: 1.0.8
Check: Rd cross-references
Result: NOTE
    Package unavailable to check Rd xrefs: ‘interval’
Flavor: r-release-osx-x86_64