CRAN Package Check Results for Package Relexon

Last updated on 2019-08-17 00:51:21 CEST.

Flavor Version Tinstall Tcheck Ttotal Status Flags
r-devel-linux-x86_64-debian-clang 0.1.0 2.21 18.41 20.62 OK
r-devel-linux-x86_64-debian-gcc 0.1.0 1.58 14.93 16.51 OK
r-devel-linux-x86_64-fedora-clang 0.1.0 24.73 NOTE
r-devel-linux-x86_64-fedora-gcc 0.1.0 23.51 NOTE
r-devel-windows-ix86+x86_64 0.1.0 5.00 43.00 48.00 OK
r-patched-linux-x86_64 0.1.0 1.80 18.28 20.08 OK
r-patched-solaris-x86 0.1.0 40.30 NOTE
r-release-linux-x86_64 0.1.0 1.81 18.46 20.27 OK
r-release-windows-ix86+x86_64 0.1.0 8.00 46.00 54.00 OK
r-release-osx-x86_64 0.1.0 NOTE
r-oldrel-windows-ix86+x86_64 0.1.0 7.00 43.00 50.00 OK
r-oldrel-osx-x86_64 0.1.0 NOTE

Check Details

Version: 0.1.0
Check: data for non-ASCII characters
Result: NOTE
     Note: found 1 marked UTF-8 string
Flavors: r-devel-linux-x86_64-fedora-clang, r-devel-linux-x86_64-fedora-gcc, r-patched-solaris-x86, r-release-osx-x86_64, r-oldrel-osx-x86_64